Last updated on 2023-06-05 16:54:51 CEST.
Flavor | Version | Tinstall | Tcheck | Ttotal | Status | Flags |
---|---|---|---|---|---|---|
r-devel-linux-x86_64-debian-clang | 1.1.2 | 6.36 | 50.41 | 56.77 | OK | |
r-devel-linux-x86_64-debian-gcc | 1.1.2 | 5.29 | 37.55 | 42.84 | OK | |
r-devel-linux-x86_64-fedora-clang | 1.1.2 | 71.15 | OK | |||
r-devel-linux-x86_64-fedora-gcc | 1.1.2 | 65.68 | OK | |||
r-devel-windows-x86_64 | 1.1.2 | 8.00 | 59.00 | 67.00 | OK | |
r-patched-linux-x86_64 | 1.1.2 | 6.09 | 46.84 | 52.93 | OK | |
r-release-linux-x86_64 | 1.1.2 | 6.40 | 47.22 | 53.62 | OK | |
r-release-macos-arm64 | 1.1.2 | 25.00 | OK | |||
r-release-macos-x86_64 | 1.1.2 | 38.00 | NOTE | |||
r-release-windows-x86_64 | 1.1.2 | 9.00 | 65.00 | 74.00 | OK | |
r-oldrel-macos-arm64 | 1.1.2 | 25.00 | OK | |||
r-oldrel-macos-x86_64 | 1.1.2 | 32.00 | OK | |||
r-oldrel-windows-x86_64 | 1.1.2 | 9.00 | 73.00 | 82.00 | OK |
Version: 1.1.2
Check: package dependencies
Result: NOTE
Package suggested but not available for checking: ‘wTO’
Flavor: r-release-macos-x86_64