Last updated on 2023-06-02 18:52:41 CEST.
Flavor | Version | Tinstall | Tcheck | Ttotal | Status | Flags |
---|---|---|---|---|---|---|
r-devel-linux-x86_64-debian-clang | 0.6.2 | 44.37 | 262.85 | 307.22 | OK | |
r-devel-linux-x86_64-debian-gcc | 0.6.2 | 37.73 | 193.13 | 230.86 | OK | |
r-devel-linux-x86_64-fedora-clang | 0.6.2 | 385.55 | NOTE | |||
r-devel-linux-x86_64-fedora-gcc | 0.6.2 | 375.32 | NOTE | |||
r-devel-windows-x86_64 | 0.6.2 | 43.00 | 212.00 | 255.00 | OK | |
r-patched-linux-x86_64 | 0.6.2 | OK | ||||
r-release-linux-x86_64 | 0.6.2 | 42.62 | 245.28 | 287.90 | OK | |
r-release-macos-arm64 | 0.6.2 | 115.00 | NOTE | |||
r-release-macos-x86_64 | 0.6.2 | 158.00 | NOTE | |||
r-release-windows-x86_64 | 0.6.2 | 53.00 | 258.00 | 311.00 | OK | |
r-oldrel-macos-arm64 | 0.6.2 | 84.00 | NOTE | |||
r-oldrel-macos-x86_64 | 0.6.2 | 147.00 | NOTE | |||
r-oldrel-windows-x86_64 | 0.6.2 | 56.00 | 265.00 | 321.00 | OK |
Version: 0.6.2
Check: data for non-ASCII characters
Result: NOTE
Note: found 59 marked UTF-8 strings
Flavors: r-devel-linux-x86_64-fedora-clang, r-devel-linux-x86_64-fedora-gcc, r-oldrel-macos-arm64, r-oldrel-macos-x86_64
Version: 0.6.2
Check: installed package size
Result: NOTE
installed size is 5.8Mb
sub-directories of 1Mb or more:
data 4.4Mb
Flavors: r-release-macos-arm64, r-release-macos-x86_64, r-oldrel-macos-arm64