Last updated on 2023-05-22 17:01:17 CEST.
Flavor | Version | Tinstall | Tcheck | Ttotal | Status | Flags |
---|---|---|---|---|---|---|
r-devel-linux-x86_64-debian-clang | 0.6.5 | 8.40 | 81.72 | 90.12 | NOTE | |
r-devel-linux-x86_64-debian-gcc | 0.6.5 | 10.51 | 64.21 | 74.72 | NOTE | |
r-devel-linux-x86_64-fedora-clang | 0.6.5 | 118.01 | NOTE | |||
r-devel-linux-x86_64-fedora-gcc | 0.6.5 | 136.22 | NOTE | |||
r-devel-windows-x86_64 | 0.6.5 | 10.00 | 89.00 | 99.00 | OK | |
r-patched-linux-x86_64 | 0.6.5 | 12.92 | 79.47 | 92.39 | NOTE | |
r-release-linux-x86_64 | 0.6.5 | 10.65 | 78.19 | 88.84 | NOTE | |
r-release-macos-arm64 | 0.6.5 | 46.00 | OK | |||
r-release-macos-x86_64 | 0.6.5 | 73.00 | OK | |||
r-release-windows-x86_64 | 0.6.5 | 14.00 | 101.00 | 115.00 | OK | |
r-oldrel-macos-arm64 | 0.6.5 | 39.00 | OK | |||
r-oldrel-macos-x86_64 | 0.6.5 | 56.00 | OK | |||
r-oldrel-windows-x86_64 | 0.6.5 | 17.00 | 104.00 | 121.00 | OK |
Version: 0.6.5
Check: for non-standard things in the check directory
Result: NOTE
Found the following files/directories:
‘foo.R’ ‘foo.html’
Flavors: r-devel-linux-x86_64-debian-clang, r-devel-linux-x86_64-debian-gcc, r-devel-linux-x86_64-fedora-clang, r-devel-linux-x86_64-fedora-gcc, r-patched-linux-x86_64, r-release-linux-x86_64