CRAN Package Check Results for Package CollocInfer

Last updated on 2024-05-22 16:53:43 CEST.

Flavor Version Tinstall Tcheck Ttotal Status Flags
r-devel-linux-x86_64-debian-clang 1.0.4 18.15 135.41 153.56 NOTE
r-devel-linux-x86_64-debian-gcc 1.0.4 15.68 98.85 114.53 NOTE
r-devel-linux-x86_64-fedora-clang 1.0.4 194.10 NOTE
r-devel-linux-x86_64-fedora-gcc 1.0.4 183.13 NOTE
r-devel-windows-x86_64 1.0.4 16.00 106.00 122.00 NOTE
r-patched-linux-x86_64 1.0.4 17.53 130.87 148.40 NOTE
r-release-linux-x86_64 1.0.4 13.72 130.22 143.94 NOTE
r-release-macos-arm64 1.0.4 51.00 NOTE
r-release-windows-x86_64 1.0.4 16.00 110.00 126.00 NOTE
r-oldrel-macos-arm64 1.0.4 57.00 OK
r-oldrel-macos-x86_64 1.0.4 91.00 OK
r-oldrel-windows-x86_64 1.0.4 21.00 129.00 150.00 OK

Check Details

Version: 1.0.4
Check: Rd files
Result: NOTE checkRd: (-1) ChemoData.rd:14: Lost braces in \itemize; meant \describe ? checkRd: (-1) ChemoData.rd:15: Lost braces in \itemize; meant \describe ? checkRd: (-1) ChemoData.rd:16: Lost braces in \itemize; meant \describe ? checkRd: (-1) ChemoData.rd:17: Lost braces in \itemize; meant \describe ? checkRd: (-1) ChemoData.rd:18: Lost braces in \itemize; meant \describe ? checkRd: (-1) ChemoRMData.rd:14: Lost braces in \itemize; meant \describe ? checkRd: (-1) ChemoRMData.rd:15: Lost braces in \itemize; meant \describe ? checkRd: (-1) ChemoRMData.rd:16: Lost braces in \itemize; meant \describe ? checkRd: (-1) ChemoRMData.rd:17: Lost braces in \itemize; meant \describe ? checkRd: (-1) ChemoRMData.rd:18: Lost braces in \itemize; meant \describe ? checkRd: (-1) FhNdata.rd:14: Lost braces in \itemize; meant \describe ? checkRd: (-1) FhNdata.rd:15: Lost braces in \itemize; meant \describe ? checkRd: (-1) FhNdata.rd:16: Lost braces in \itemize; meant \describe ? checkRd: (-1) FhNdata.rd:17: Lost braces in \itemize; meant \describe ? checkRd: (-1) FhNdata.rd:18: Lost braces in \itemize; meant \describe ? checkRd: (-1) FhNest.rd:11: Lost braces in \itemize; meant \describe ? checkRd: (-1) FhNest.rd:12: Lost braces in \itemize; meant \describe ? checkRd: (-1) FitMatch.rd:33: Lost braces in \itemize; \value handles \item{}{} directly checkRd: (-1) FitMatch.rd:34: Lost braces in \itemize; \value handles \item{}{} directly checkRd: (-1) IntegrateForward.rd:20: Lost braces in \itemize; \value handles \item{}{} directly checkRd: (-1) IntegrateForward.rd:21: Lost braces in \itemize; \value handles \item{}{} directly checkRd: (-1) NSdata.rd:12: Lost braces in \itemize; meant \describe ? checkRd: (-1) NSdata.rd:13: Lost braces in \itemize; meant \describe ? checkRd: (-1) NSdata.rd:14: Lost braces in \itemize; meant \describe ? checkRd: (-1) ParsMatch.rd:30: Lost braces in \itemize; \value handles \item{}{} directly checkRd: (-1) ParsMatch.rd:31: Lost braces in \itemize; \value handles \item{}{} directly checkRd: (-1) Profile.rd:24: Lost braces in \itemize; meant \describe ? checkRd: (-1) Profile.rd:25: Lost braces in \itemize; meant \describe ? checkRd: (-1) Profile.rd:26: Lost braces in \itemize; meant \describe ? checkRd: (-1) Profile.rd:27-28: Lost braces in \itemize; meant \describe ? checkRd: (-1) Profile.rd:34: Lost braces in \itemize; meant \describe ? checkRd: (-1) Profile.rd:35: Lost braces in \itemize; meant \describe ? checkRd: (-1) Profile.rd:36: Lost braces in \itemize; meant \describe ? checkRd: (-1) Profile.rd:37: Lost braces in \itemize; meant \describe ? checkRd: (-1) Profile.rd:38: Lost braces in \itemize; meant \describe ? checkRd: (-1) Profile.rd:50: Lost braces in \itemize; meant \describe ? checkRd: (-1) Profile.rd:51: Lost braces in \itemize; meant \describe ? checkRd: (-1) Profile.rd:52: Lost braces in \itemize; meant \describe ? checkRd: (-1) Profile.rd:61: Lost braces in \itemize; meant \describe ? checkRd: (-1) Profile.rd:62: Lost braces in \itemize; meant \describe ? checkRd: (-1) Profile.rd:68-69: Lost braces in \itemize; meant \describe ? checkRd: (-1) Profile.rd:70-71: Lost braces in \itemize; meant \describe ? checkRd: (-1) ProfileObjective.rd:47: Lost braces in \itemize; meant \describe ? checkRd: (-1) ProfileObjective.rd:48: Lost braces in \itemize; meant \describe ? checkRd: (-1) ProfileObjective.rd:49: Lost braces in \itemize; meant \describe ? checkRd: (-1) ProfileObjective.rd:50-51: Lost braces in \itemize; meant \describe ? checkRd: (-1) ProfileObjective.rd:81: Lost braces in \itemize; meant \describe ? checkRd: (-1) ProfileObjective.rd:82: Lost braces in \itemize; meant \describe ? checkRd: (-1) ProfileObjective.rd:83: Lost braces in \itemize; meant \describe ? checkRd: (-1) ProfileObjective.rd:58: Lost braces in \itemize; \value handles \item{}{} directly checkRd: (-1) ProfileObjective.rd:59: Lost braces in \itemize; \value handles \item{}{} directly checkRd: (-1) ProfileObjective.rd:60: Lost braces in \itemize; \value handles \item{}{} directly checkRd: (-1) ProfileObjective.rd:65: Lost braces in \itemize; \value handles \item{}{} directly checkRd: (-1) ProfileObjective.rd:66: Lost braces in \itemize; \value handles \item{}{} directly checkRd: (-1) ProfileObjective.rd:67: Lost braces in \itemize; \value handles \item{}{} directly checkRd: (-1) ProfileObjective.rd:68: Lost braces in \itemize; \value handles \item{}{} directly checkRd: (-1) SEIRdata.rd:14: Lost braces in \itemize; meant \describe ? checkRd: (-1) SEIRdata.rd:15: Lost braces in \itemize; meant \describe ? checkRd: (-1) SEIRdata.rd:16: Lost braces in \itemize; meant \describe ? checkRd: (-1) SEIRdata.rd:17: Lost braces in \itemize; meant \describe ? checkRd: (-1) SEIRdata.rd:18: Lost braces in \itemize; meant \describe ? checkRd: (-1) SplineCoefs.Rd:37: Lost braces in \itemize; meant \describe ? checkRd: (-1) SplineCoefs.Rd:38: Lost braces in \itemize; meant \describe ? checkRd: (-1) SplineCoefs.Rd:39: Lost braces in \itemize; meant \describe ? checkRd: (-1) SplineCoefs.Rd:40-41: Lost braces in \itemize; meant \describe ? checkRd: (-1) SplineCoefs.Rd:47: Lost braces in \itemize; \value handles \item{}{} directly checkRd: (-1) SplineCoefs.Rd:48: Lost braces in \itemize; \value handles \item{}{} directly checkRd: (-1) SplineCoefs.Rd:49: Lost braces in \itemize; \value handles \item{}{} directly checkRd: (-1) SplineCoefs.Rd:50: Lost braces in \itemize; \value handles \item{}{} directly checkRd: (-1) SplineCoefs.Rd:54: Lost braces in \itemize; \value handles \item{}{} directly checkRd: (-1) SplineCoefs.Rd:55: Lost braces in \itemize; \value handles \item{}{} directly checkRd: (-1) SplineCoefs.Rd:56: Lost braces in \itemize; \value handles \item{}{} directly checkRd: (-1) make.lik.rd:21: Lost braces in \itemize; meant \describe ? checkRd: (-1) make.lik.rd:22: Lost braces in \itemize; meant \describe ? checkRd: (-1) make.lik.rd:23: Lost braces in \itemize; meant \describe ? checkRd: (-1) make.lik.rd:24: Lost braces in \itemize; meant \describe ? checkRd: (-1) make.lik.rd:25: Lost braces in \itemize; meant \describe ? checkRd: (-1) make.lik.rd:30: Lost braces in \itemize; meant \describe ? checkRd: (-1) make.lik.rd:31: Lost braces in \itemize; meant \describe ? checkRd: (-1) make.lik.rd:32: Lost braces in \itemize; meant \describe ? checkRd: (-1) make.lik.rd:33: Lost braces in \itemize; meant \describe ? checkRd: (-1) make.lik.rd:34: Lost braces in \itemize; meant \describe ? checkRd: (-1) make.proc.rd:24: Lost braces in \itemize; meant \describe ? checkRd: (-1) make.proc.rd:25: Lost braces in \itemize; meant \describe ? checkRd: (-1) make.proc.rd:26: Lost braces in \itemize; meant \describe ? checkRd: (-1) make.proc.rd:27: Lost braces in \itemize; meant \describe ? checkRd: (-1) make.proc.rd:28: Lost braces in \itemize; meant \describe ? checkRd: (-1) make.transform.rd:58-59: Lost braces in \itemize; meant \describe ? checkRd: (-1) make.transform.rd:60-63: Lost braces in \itemize; meant \describe ? checkRd: (-1) make.transform.rd:64: Lost braces in \itemize; meant \describe ? checkRd: (-1) make.transform.rd:65-66: Lost braces in \itemize; meant \describe ? checkRd: (-1) make.transform.rd:67-68: Lost braces in \itemize; meant \describe ? checkRd: (-1) make.transform.rd:74: Lost braces in \itemize; meant \describe ? checkRd: (-1) make.transform.rd:75: Lost braces in \itemize; meant \describe ? checkRd: (-1) make.transform.rd:76-77: Lost braces in \itemize; meant \describe ? checkRd: (-1) make.transform.rd:78: Lost braces in \itemize; meant \describe ? checkRd: (-1) make.transform.rd:85-87: Lost braces in \itemize; meant \describe ? checkRd: (-1) make.transform.rd:88-90: Lost braces in \itemize; meant \describe ? checkRd: (-1) make.transform.rd:91: Lost braces in \itemize; meant \describe ? checkRd: (-1) setup.rd:23: Lost braces in \itemize; meant \describe ? checkRd: (-1) setup.rd:24: Lost braces in \itemize; meant \describe ? checkRd: (-1) setup.rd:25: Lost braces in \itemize; meant \describe ? checkRd: (-1) setup.rd:26: Lost braces in \itemize; meant \describe ? checkRd: (-1) setup.rd:32: Lost braces in \itemize; meant \describe ? checkRd: (-1) setup.rd:33: Lost braces in \itemize; meant \describe ? checkRd: (-1) setup.rd:34: Lost braces in \itemize; meant \describe ? checkRd: (-1) setup.rd:35: Lost braces in \itemize; meant \describe ? checkRd: (-1) setup.rd:36-37: Lost braces in \itemize; meant \describe ? checkRd: (-1) setup.rd:48: Lost braces in \itemize; meant \describe ? checkRd: (-1) setup.rd:49: Lost braces in \itemize; meant \describe ? checkRd: (-1) setup.rd:50: Lost braces in \itemize; meant \describe ? checkRd: (-1) setup.rd:68: Lost braces in \itemize; meant \describe ? checkRd: (-1) setup.rd:69: Lost braces in \itemize; meant \describe ? checkRd: (-1) setup.rd:99: Lost braces in \itemize; meant \describe ? checkRd: (-1) setup.rd:100: Lost braces in \itemize; meant \describe ? checkRd: (-1) smooth.rd:21: Lost braces in \itemize; meant \describe ? checkRd: (-1) smooth.rd:22: Lost braces in \itemize; meant \describe ? checkRd: (-1) smooth.rd:23: Lost braces in \itemize; meant \describe ? checkRd: (-1) smooth.rd:24: Lost braces in \itemize; meant \describe ? checkRd: (-1) smooth.rd:31: Lost braces in \itemize; meant \describe ? checkRd: (-1) smooth.rd:32: Lost braces in \itemize; meant \describe ? checkRd: (-1) smooth.rd:33: Lost braces in \itemize; meant \describe ? checkRd: (-1) smooth.rd:34: Lost braces in \itemize; meant \describe ? checkRd: (-1) smooth.rd:35-36: Lost braces in \itemize; meant \describe ? checkRd: (-1) smooth.rd:47: Lost braces in \itemize; meant \describe ? checkRd: (-1) smooth.rd:48: Lost braces in \itemize; meant \describe ? checkRd: (-1) smooth.rd:49: Lost braces in \itemize; meant \describe ? checkRd: (-1) smooth.rd:58: Lost braces in \itemize; meant \describe ? checkRd: (-1) smooth.rd:59: Lost braces in \itemize; meant \describe ? Flavors: r-devel-linux-x86_64-debian-clang, r-devel-linux-x86_64-debian-gcc, r-devel-linux-x86_64-fedora-clang, r-devel-linux-x86_64-fedora-gcc, r-devel-windows-x86_64, r-patched-linux-x86_64, r-release-linux-x86_64, r-release-macos-arm64, r-release-windows-x86_64