Last updated on 2024-03-28 23:55:03 CET.
Flavor | Version | Tinstall | Tcheck | Ttotal | Status | Flags |
---|---|---|---|---|---|---|
r-devel-linux-x86_64-debian-clang | 1.1-0 | 2.95 | 27.58 | 30.53 | OK | |
r-devel-linux-x86_64-debian-gcc | 1.1-0 | 1.75 | 21.30 | 23.05 | OK | |
r-devel-linux-x86_64-fedora-clang | 1.1-0 | 39.65 | NOTE | |||
r-devel-linux-x86_64-fedora-gcc | 1.1-0 | 48.10 | OK | |||
r-devel-windows-x86_64 | 1.1-0 | 4.00 | 63.00 | 67.00 | NOTE | |
r-patched-linux-x86_64 | 1.1-0 | 2.88 | 25.84 | 28.72 | OK | |
r-release-linux-x86_64 | 1.0-6 | 2.10 | 24.48 | 26.58 | OK | |
r-release-macos-arm64 | 1.1-0 | 52.00 | NOTE | |||
r-release-macos-x86_64 | 1.1-0 | 86.00 | NOTE | |||
r-release-windows-x86_64 | 1.1-0 | 6.00 | 48.00 | 54.00 | NOTE | |
r-oldrel-macos-arm64 | 1.1-0 | 23.00 | NOTE | |||
r-oldrel-windows-x86_64 | 1.1-0 | 7.00 | 76.00 | 83.00 | NOTE |
Version: 1.1-0
Check: installed package size
Result: NOTE
installed size is 7.0Mb
sub-directories of 1Mb or more:
java 6.7Mb
Flavors: r-devel-linux-x86_64-fedora-clang, r-devel-windows-x86_64, r-release-macos-arm64, r-release-macos-x86_64, r-release-windows-x86_64, r-oldrel-macos-arm64, r-oldrel-windows-x86_64