CRAN Package Check Results for Package CommonJavaJars

Last updated on 2024-06-22 09:48:55 CEST.

Flavor Version Tinstall Tcheck Ttotal Status Flags
r-devel-linux-x86_64-debian-clang 1.1-0 3.36 27.33 30.69 OK
r-devel-linux-x86_64-debian-gcc 1.1-0 1.62 21.82 23.44 OK
r-devel-linux-x86_64-fedora-clang 1.1-0 39.14 NOTE
r-devel-linux-x86_64-fedora-gcc 1.1-0 49.50 OK
r-devel-windows-x86_64 1.1-0 3.00 52.00 55.00 NOTE
r-patched-linux-x86_64 1.1-0 3.13 26.21 29.34 OK
r-release-linux-x86_64 1.1-0 2.87 26.82 29.69 OK
r-release-macos-arm64 1.1-0 23.00 NOTE
r-release-macos-x86_64 1.1-0 35.00 WARN
r-release-windows-x86_64 1.1-0 3.00 51.00 54.00 NOTE
r-oldrel-macos-arm64 1.1-0 52.00 NOTE
r-oldrel-macos-x86_64 1.1-0 86.00 NOTE
r-oldrel-windows-x86_64 1.1-0 5.00 50.00 55.00 NOTE

Check Details

Version: 1.1-0
Check: installed package size
Result: NOTE installed size is 7.0Mb sub-directories of 1Mb or more: java 6.7Mb Flavors: r-devel-linux-x86_64-fedora-clang, r-devel-windows-x86_64, r-release-macos-arm64, r-release-macos-x86_64, r-release-windows-x86_64, r-oldrel-macos-arm64, r-oldrel-macos-x86_64, r-oldrel-windows-x86_64

Version: 1.1-0
Check: re-building of vignette outputs
Result: WARN Error(s) in re-building vignettes: ... --- re-building ‘CommonJavaJars.Rnw’ using knitr Error: processing vignette 'CommonJavaJars.Rnw' failed with diagnostics: Running 'texi2dvi' on 'CommonJavaJars.tex' failed. LaTeX errors: ! Undefined control sequence. l.89 \hlkwd{.jpackage}\hldef {(}\hlsng{"CommonJavaJars"}\hldef{,} \hlkwc{jars... ? ! Emergency stop. l.89 End of file on the terminal! ! ==> Fatal error occurred, no output PDF file produced! --- failed re-building ‘CommonJavaJars.Rnw’ SUMMARY: processing the following file failed: ‘CommonJavaJars.Rnw’ Error: Vignette re-building failed. Execution halted Flavor: r-release-macos-x86_64