CRAN Package Check Results for Package ConConPiWiFun

Last updated on 2023-06-04 08:57:06 CEST.

Flavor Version Tinstall Tcheck Ttotal Status Flags
r-devel-linux-x86_64-debian-clang 0.4.6.1 31.04 50.24 81.28 OK
r-devel-linux-x86_64-debian-gcc 0.4.6.1 29.30 37.93 67.23 OK
r-devel-linux-x86_64-fedora-clang 0.4.6.1 104.35 NOTE
r-devel-linux-x86_64-fedora-gcc 0.4.6.1 112.13 NOTE
r-devel-windows-x86_64 0.4.6.1 24.00 78.00 102.00 OK
r-patched-linux-x86_64 0.4.6.1 27.77 47.70 75.47 OK
r-release-linux-x86_64 0.4.6.1 29.17 47.93 77.10 OK
r-release-macos-arm64 0.4.6.1 35.00 NOTE
r-release-macos-x86_64 0.4.6.1 54.00 NOTE
r-release-windows-x86_64 0.4.6.1 24.00 94.00 118.00 OK
r-oldrel-macos-arm64 0.4.6.1 32.00 NOTE
r-oldrel-macos-x86_64 0.4.6.1 42.00 NOTE
r-oldrel-windows-x86_64 0.4.6.1 30.00 90.00 120.00 OK

Check Details

Version: 0.4.6.1
Check: compiled code
Result: NOTE
    File ‘ConConPiWiFun/libs/ConConPiWiFun.so’:
     Found no calls to: ‘R_registerRoutines’, ‘R_useDynamicSymbols’
    
    It is good practice to register native routines and to disable symbol
    search.
    
    See ‘Writing portable packages’ in the ‘Writing R Extensions’ manual.
Flavors: r-devel-linux-x86_64-fedora-clang, r-devel-linux-x86_64-fedora-gcc

Version: 0.4.6.1
Check: installed package size
Result: NOTE
     installed size is 6.1Mb
     sub-directories of 1Mb or more:
     libs 5.9Mb
Flavors: r-release-macos-arm64, r-release-macos-x86_64, r-oldrel-macos-arm64, r-oldrel-macos-x86_64