Last updated on 2024-04-23 16:58:11 CEST.
Flavor | Version | Tinstall | Tcheck | Ttotal | Status | Flags |
---|---|---|---|---|---|---|
r-devel-linux-x86_64-debian-clang | 0.4.6.1 | 28.79 | 52.06 | 80.85 | OK | |
r-devel-linux-x86_64-debian-gcc | 0.4.6.1 | 27.41 | 38.53 | 65.94 | OK | |
r-devel-linux-x86_64-fedora-clang | 0.4.6.1 | 104.45 | NOTE | |||
r-devel-linux-x86_64-fedora-gcc | 0.4.6.1 | 114.07 | NOTE | |||
r-prerel-macos-arm64 | 0.4.6.1 | 29.00 | NOTE | |||
r-prerel-windows-x86_64 | 0.4.6.1 | 26.00 | 76.00 | 102.00 | OK | |
r-patched-linux-x86_64 | 0.4.6.1 | 34.29 | 49.72 | 84.01 | OK | |
r-release-linux-x86_64 | 0.4.6.1 | 33.98 | 49.79 | 83.77 | OK | |
r-release-macos-arm64 | 0.4.6.1 | 35.00 | NOTE | |||
r-release-macos-x86_64 | 0.4.6.1 | 54.00 | NOTE | |||
r-release-windows-x86_64 | 0.4.6.1 | 24.00 | 93.00 | 117.00 | OK | |
r-oldrel-macos-arm64 | 0.4.6.1 | 32.00 | NOTE | |||
r-oldrel-windows-x86_64 | 0.4.6.1 | 32.00 | 90.00 | 122.00 | OK |
Version: 0.4.6.1
Check: compiled code
Result: NOTE
File ‘ConConPiWiFun/libs/ConConPiWiFun.so’:
Found no calls to: ‘R_registerRoutines’, ‘R_useDynamicSymbols’
It is good practice to register native routines and to disable symbol
search.
See ‘Writing portable packages’ in the ‘Writing R Extensions’ manual.
Flavors: r-devel-linux-x86_64-fedora-clang, r-devel-linux-x86_64-fedora-gcc
Version: 0.4.6.1
Check: installed package size
Result: NOTE
installed size is 5.6Mb
sub-directories of 1Mb or more:
libs 5.4Mb
Flavors: r-prerel-macos-arm64, r-release-macos-arm64, r-release-macos-x86_64, r-oldrel-macos-arm64