CRAN Package Check Results for Package CopernicusDEM

Last updated on 2024-02-23 16:53:14 CET.

Flavor Version Tinstall Tcheck Ttotal Status Flags
r-devel-linux-x86_64-debian-clang 1.0.3 OK
r-devel-linux-x86_64-debian-gcc 1.0.3 4.25 45.24 49.49 OK
r-devel-linux-x86_64-fedora-clang 1.0.3 82.76 NOTE
r-devel-linux-x86_64-fedora-gcc 1.0.3 93.12 OK
r-devel-windows-x86_64 1.0.3 6.00 63.00 69.00 NOTE
r-patched-linux-x86_64 1.0.3 5.07 56.40 61.47 OK
r-release-linux-x86_64 1.0.3 4.86 56.43 61.29 OK
r-release-macos-arm64 1.0.3 36.00 NOTE
r-release-macos-x86_64 1.0.3 68.00 NOTE
r-release-windows-x86_64 1.0.3 8.00 70.00 78.00 NOTE
r-oldrel-macos-arm64 1.0.3 31.00 NOTE
r-oldrel-windows-x86_64 1.0.3 10.00 76.00 86.00 NOTE

Check Details

Version: 1.0.3
Check: installed package size
Result: NOTE installed size is 7.5Mb sub-directories of 1Mb or more: doc 2.3Mb vignette_data 2.6Mb Flavors: r-devel-linux-x86_64-fedora-clang, r-devel-windows-x86_64, r-release-macos-arm64, r-release-macos-x86_64, r-release-windows-x86_64, r-oldrel-macos-arm64, r-oldrel-windows-x86_64