Last updated on 2024-08-13 17:48:11 CEST.
Flavor | Version | Tinstall | Tcheck | Ttotal | Status | Flags |
---|---|---|---|---|---|---|
r-devel-linux-x86_64-debian-clang | 1.6.2 | 13.19 | 95.95 | 109.14 | NOTE | |
r-devel-linux-x86_64-debian-gcc | 1.6.2 | 8.96 | 63.25 | 72.21 | NOTE | |
r-devel-linux-x86_64-fedora-clang | 1.6.2 | 179.47 | OK | |||
r-devel-linux-x86_64-fedora-gcc | 1.6.2 | 169.37 | OK | |||
r-devel-windows-x86_64 | 1.6.2 | 16.00 | 116.00 | 132.00 | NOTE | |
r-patched-linux-x86_64 | 1.6.2 | 20.72 | 86.74 | 107.46 | OK | |
r-release-linux-x86_64 | 1.6.2 | 11.70 | 86.49 | 98.19 | OK | |
r-release-macos-arm64 | 1.6.2 | 54.00 | OK | |||
r-release-macos-x86_64 | 1.6.2 | 73.00 | OK | |||
r-release-windows-x86_64 | 1.6.2 | 16.00 | 119.00 | 135.00 | OK | |
r-oldrel-macos-arm64 | 1.6.2 | 49.00 | OK | |||
r-oldrel-macos-x86_64 | 1.6.2 | 101.00 | OK | |||
r-oldrel-windows-x86_64 | 1.6.2 | 19.00 | 131.00 | 150.00 | OK |
Version: 1.6.2
Check: Rd cross-references
Result: NOTE
Found the following Rd file(s) with Rd \link{} targets missing package
anchors:
CopulaREMADA.Rd: meshgrid
FactorCopulaREMADA.Rd: meshgrid
VineCopulaREMADA.Rd: meshgrid
Vuong.Rd: meshgrid
hybridCopulaREMADA.Rd: meshgrid
vineVuong.Rd: meshgrid
Please provide package anchors for all Rd \link{} targets not in the
package itself and the base packages.
Flavors: r-devel-linux-x86_64-debian-clang, r-devel-linux-x86_64-debian-gcc, r-devel-windows-x86_64