Last updated on 2024-03-28 15:49:44 CET.
Flavor | Version | Tinstall | Tcheck | Ttotal | Status | Flags |
---|---|---|---|---|---|---|
r-devel-linux-x86_64-debian-clang | 0.6-2 | 17.10 | 108.54 | 125.64 | OK | |
r-devel-linux-x86_64-debian-gcc | 0.6-2 | 11.01 | 83.63 | 94.64 | OK | |
r-devel-linux-x86_64-fedora-clang | 0.6-2 | 167.25 | OK | |||
r-devel-linux-x86_64-fedora-gcc | 0.6-2 | 167.34 | OK | |||
r-devel-windows-x86_64 | 0.6-2 | 17.00 | 118.00 | 135.00 | OK | |
r-patched-linux-x86_64 | 0.6-2 | 15.62 | 107.96 | 123.58 | OK | |
r-release-linux-x86_64 | 0.6-2 | 14.24 | 108.37 | 122.61 | OK | |
r-release-macos-arm64 | 0.6-2 | 64.00 | OK | |||
r-release-macos-x86_64 | 0.6-2 | 85.00 | NOTE | |||
r-release-windows-x86_64 | 0.6-2 | 20.00 | 131.00 | 151.00 | OK | |
r-oldrel-macos-arm64 | 0.6-2 | 46.00 | OK | |||
r-oldrel-windows-x86_64 | 0.6-2 | 18.00 | 136.00 | 154.00 | OK |
Version: 0.6-2
Check: package dependencies
Result: NOTE
Package suggested but not available for checking: ‘BiocParallel’
Flavor: r-release-macos-x86_64