Last updated on 2023-06-10 00:54:42 CEST.
Flavor | Version | Tinstall | Tcheck | Ttotal | Status | Flags |
---|---|---|---|---|---|---|
r-devel-linux-x86_64-debian-clang | 0.6-2 | 18.12 | 126.36 | 144.48 | OK | |
r-devel-linux-x86_64-debian-gcc | 0.6-2 | 12.05 | 85.50 | 97.55 | OK | |
r-devel-linux-x86_64-fedora-clang | 0.6-2 | 171.24 | OK | |||
r-devel-linux-x86_64-fedora-gcc | 0.6-2 | 166.79 | OK | |||
r-devel-windows-x86_64 | 0.6-2 | 18.00 | 119.00 | 137.00 | OK | |
r-patched-linux-x86_64 | 0.6-2 | 14.26 | 109.67 | 123.93 | OK | |
r-release-linux-x86_64 | 0.6-2 | 12.51 | 109.56 | 122.07 | OK | |
r-release-macos-arm64 | 0.6-2 | 64.00 | OK | |||
r-release-macos-x86_64 | 0.6-2 | 85.00 | NOTE | |||
r-release-windows-x86_64 | 0.6-2 | 20.00 | 128.00 | 148.00 | OK | |
r-oldrel-macos-arm64 | 0.6-2 | 46.00 | OK | |||
r-oldrel-macos-x86_64 | 0.6-2 | 66.00 | OK | |||
r-oldrel-windows-x86_64 | 0.6-2 | 17.00 | 124.00 | 141.00 | OK |
Version: 0.6-2
Check: package dependencies
Result: NOTE
Package suggested but not available for checking: ‘BiocParallel’
Flavor: r-release-macos-x86_64