CRAN Package Check Results for Package CorrectOverloadedPeaks

Last updated on 2024-02-29 00:55:37 CET.

Flavor Version Tinstall Tcheck Ttotal Status Flags
r-devel-linux-x86_64-debian-clang 1.3.3 4.65 81.53 86.18 OK
r-devel-linux-x86_64-debian-gcc 1.3.3 3.12 59.39 62.51 OK
r-devel-linux-x86_64-fedora-clang 1.3.3 77.56 NOTE
r-devel-linux-x86_64-fedora-gcc 1.3.3 86.01 NOTE
r-devel-windows-x86_64 1.3.3 5.00 79.00 84.00 OK
r-patched-linux-x86_64 1.3.3 4.43 78.68 83.11 OK
r-release-linux-x86_64 1.3.3 4.06 76.74 80.80 OK
r-release-macos-arm64 1.3.3 33.00 NOTE
r-release-macos-x86_64 1.3.3 57.00 NOTE
r-release-windows-x86_64 1.3.3 4.00 89.00 93.00 OK
r-oldrel-macos-arm64 1.3.3 34.00 OK
r-oldrel-windows-x86_64 1.3.3 6.00 88.00 94.00 OK

Check Details

Version: 1.3.3
Check: package dependencies
Result: NOTE Package suggested but not available for checking: ‘xcms’ Flavors: r-devel-linux-x86_64-fedora-clang, r-devel-linux-x86_64-fedora-gcc, r-release-macos-arm64, r-release-macos-x86_64