Last updated on 2024-04-18 08:54:24 CEST.
Flavor | Version | Tinstall | Tcheck | Ttotal | Status | Flags |
---|---|---|---|---|---|---|
r-devel-linux-x86_64-debian-clang | 3.5.8 | 161.98 | 180.80 | 342.78 | OK | |
r-devel-linux-x86_64-debian-gcc | 3.5.8 | 134.08 | 135.03 | 269.11 | OK | |
r-devel-linux-x86_64-fedora-clang | 3.5.8 | 479.92 | OK | |||
r-devel-linux-x86_64-fedora-gcc | 3.5.8 | 489.73 | OK | |||
r-prerel-macos-arm64 | 3.5.8 | 112.00 | NOTE | |||
r-prerel-windows-x86_64 | 3.5.8 | 127.00 | 229.00 | 356.00 | OK | |
r-patched-linux-x86_64 | 3.5.8 | 130.83 | 172.85 | 303.68 | OK | |
r-release-linux-x86_64 | 3.5.8 | 137.86 | 172.21 | 310.07 | OK | |
r-release-macos-arm64 | 3.5.8 | 116.00 | NOTE | |||
r-release-macos-x86_64 | 3.5.8 | 193.00 | NOTE | |||
r-release-windows-x86_64 | 3.5.8 | 163.00 | 241.00 | 404.00 | OK | |
r-oldrel-macos-arm64 | 3.5.8 | 120.00 | NOTE | |||
r-oldrel-windows-x86_64 | 3.5.8 | 150.00 | 235.00 | 385.00 | OK |
Version: 3.5.8
Check: installed package size
Result: NOTE
installed size is 8.3Mb
sub-directories of 1Mb or more:
doc 1.9Mb
libs 5.3Mb
Flavors: r-prerel-macos-arm64, r-release-macos-arm64, r-release-macos-x86_64, r-oldrel-macos-arm64