Last updated on 2023-09-28 16:54:15 CEST.
Flavor | Version | Tinstall | Tcheck | Ttotal | Status | Flags |
---|---|---|---|---|---|---|
r-devel-linux-x86_64-debian-clang | 1.2.7 | 12.84 | 108.80 | 121.64 | OK | |
r-devel-linux-x86_64-debian-gcc | 1.2.7 | 8.21 | 79.92 | 88.13 | OK | |
r-devel-linux-x86_64-fedora-clang | 1.2.7 | 150.97 | NOTE | |||
r-devel-linux-x86_64-fedora-gcc | 1.2.7 | 159.72 | OK | |||
r-devel-windows-x86_64 | 1.2.7 | 12.00 | 123.00 | 135.00 | OK | |
r-patched-linux-x86_64 | 1.2.7 | 9.86 | 102.48 | 112.34 | OK | |
r-release-linux-x86_64 | 1.2.7 | 10.53 | 101.65 | 112.18 | OK | |
r-release-macos-arm64 | 1.2.7 | 52.00 | OK | |||
r-release-macos-x86_64 | 1.2.7 | 83.00 | OK | |||
r-release-windows-x86_64 | 1.2.7 | 15.00 | 140.00 | 155.00 | OK | |
r-oldrel-macos-arm64 | 1.2.7 | 44.00 | OK | |||
r-oldrel-macos-x86_64 | 1.2.7 | 70.00 | OK | |||
r-oldrel-windows-x86_64 | 1.2.7 | 15.00 | 145.00 | 160.00 | OK |
Version: 1.2.7
Check: Rd cross-references
Result: NOTE
Undeclared package ‘copula’ in Rd xrefs
Flavor: r-devel-linux-x86_64-fedora-clang