Last updated on 2024-07-18 00:54:51 CEST.
Flavor | Version | Tinstall | Tcheck | Ttotal | Status | Flags |
---|---|---|---|---|---|---|
r-devel-linux-x86_64-debian-clang | 0.1.1 | 5.63 | 27.23 | 32.86 | NOTE | |
r-devel-linux-x86_64-debian-gcc | 0.1.1 | 5.35 | 20.73 | 26.08 | NOTE | |
r-devel-linux-x86_64-fedora-clang | 0.1.1 | 42.49 | NOTE | |||
r-devel-linux-x86_64-fedora-gcc | 0.1.1 | 43.55 | NOTE | |||
r-devel-windows-x86_64 | 0.1.1 | 9.00 | 51.00 | 60.00 | NOTE | |
r-patched-linux-x86_64 | 0.1.1 | 5.67 | 26.51 | 32.18 | NOTE | |
r-release-linux-x86_64 | 0.1.1 | 6.69 | 26.21 | 32.90 | NOTE | |
r-release-macos-arm64 | 0.1.1 | 20.00 | NOTE | |||
r-release-macos-x86_64 | 0.1.1 | 26.00 | NOTE | |||
r-release-windows-x86_64 | 0.1.1 | 10.00 | 50.00 | 60.00 | NOTE | |
r-oldrel-macos-arm64 | 0.1.1 | 20.00 | NOTE | |||
r-oldrel-macos-x86_64 | 0.1.1 | 28.00 | NOTE | |||
r-oldrel-windows-x86_64 | 0.1.1 | 10.00 | 54.00 | 64.00 | NOTE |
Version: 0.1.1
Check: LazyData
Result: NOTE
'LazyData' is specified without a 'data' directory
Flavors: r-devel-linux-x86_64-debian-clang, r-devel-linux-x86_64-debian-gcc, r-devel-linux-x86_64-fedora-clang, r-devel-linux-x86_64-fedora-gcc, r-devel-windows-x86_64, r-patched-linux-x86_64, r-release-linux-x86_64, r-release-macos-arm64, r-release-macos-x86_64, r-release-windows-x86_64, r-oldrel-macos-arm64, r-oldrel-macos-x86_64, r-oldrel-windows-x86_64
Version: 0.1.1
Check: installed package size
Result: NOTE
installed size is 5.6Mb
sub-directories of 1Mb or more:
libs 5.4Mb
Flavor: r-devel-linux-x86_64-fedora-clang