Last updated on 2023-05-28 13:57:27 CEST.
Flavor | Version | Tinstall | Tcheck | Ttotal | Status | Flags |
---|---|---|---|---|---|---|
r-devel-linux-x86_64-debian-clang | 1.0.0 | 16.20 | 120.53 | 136.73 | OK | |
r-devel-linux-x86_64-debian-gcc | 1.0.0 | 13.16 | 89.02 | 102.18 | OK | |
r-devel-linux-x86_64-fedora-clang | 1.0.0 | 168.80 | NOTE | |||
r-devel-linux-x86_64-fedora-gcc | 1.0.0 | 172.26 | NOTE | |||
r-devel-windows-x86_64 | 1.0.0 | 15.00 | 106.00 | 121.00 | OK | |
r-patched-linux-x86_64 | 1.0.0 | 9.20 | 112.89 | 122.09 | OK | |
r-release-linux-x86_64 | 1.0.0 | 9.85 | 112.30 | 122.15 | OK | |
r-release-macos-arm64 | 1.0.0 | 52.00 | OK | |||
r-release-macos-x86_64 | 1.0.0 | 90.00 | OK | |||
r-release-windows-x86_64 | 1.0.0 | 18.00 | 123.00 | 141.00 | OK | |
r-oldrel-macos-arm64 | 1.0.0 | 54.00 | NOTE | |||
r-oldrel-macos-x86_64 | 1.0.0 | 67.00 | NOTE | |||
r-oldrel-windows-x86_64 | 1.0.0 | 19.00 | 124.00 | 143.00 | OK |
Version: 1.0.0
Check: package dependencies
Result: NOTE
Imports includes 24 non-default packages.
Importing from so many packages makes the package vulnerable to any of
them becoming unavailable. Move as many as possible to Suggests and
use conditionally.
Flavor: r-devel-linux-x86_64-fedora-clang
Version: 1.0.0
Check: dependencies in R code
Result: NOTE
Namespaces in Imports field not imported from:
‘bslib’ ‘knitr’ ‘matrixStats’ ‘rmarkdown’ ‘shinythemes’ ‘tidyverse’
All declared Imports should be used.
Flavors: r-devel-linux-x86_64-fedora-clang, r-devel-linux-x86_64-fedora-gcc, r-oldrel-macos-arm64, r-oldrel-macos-x86_64