Last updated on 2023-09-22 00:53:15 CEST.
Flavor | Version | Tinstall | Tcheck | Ttotal | Status | Flags |
---|---|---|---|---|---|---|
r-devel-linux-x86_64-debian-clang | 0.3.1 | 26.06 | 197.53 | 223.59 | NOTE | |
r-devel-linux-x86_64-debian-gcc | 0.3.1 | 19.79 | 146.29 | 166.08 | NOTE | |
r-devel-linux-x86_64-fedora-clang | 0.3.1 | 283.87 | NOTE | |||
r-devel-linux-x86_64-fedora-gcc | 0.3.1 | 275.94 | NOTE | |||
r-devel-windows-x86_64 | 0.3.1 | 21.00 | 153.00 | 174.00 | NOTE | |
r-patched-linux-x86_64 | 0.3.1 | 22.66 | 189.66 | 212.32 | OK | |
r-release-linux-x86_64 | 0.3.1 | 21.79 | 191.55 | 213.34 | OK | |
r-release-macos-arm64 | 0.3.1 | 77.00 | OK | |||
r-release-macos-x86_64 | 0.3.1 | 120.00 | NOTE | |||
r-release-windows-x86_64 | 0.3.1 | 26.00 | 192.00 | 218.00 | OK | |
r-oldrel-macos-arm64 | 0.3.1 | 72.00 | OK | |||
r-oldrel-macos-x86_64 | 0.3.1 | 101.00 | OK | |||
r-oldrel-windows-x86_64 | 0.3.1 | 28.00 | 202.00 | 230.00 | OK |
Version: 0.3.1
Check: Rd contents
Result: NOTE
Auto-generated content requiring editing in Rd object 'DDPNA-package':
\details: ‘...o use the package, including the most important functions ~~’
Argument items with no description in Rd object 'DEP_Mod_net_plot':
‘\dots’
Flavors: r-devel-linux-x86_64-debian-clang, r-devel-linux-x86_64-debian-gcc, r-devel-linux-x86_64-fedora-clang, r-devel-linux-x86_64-fedora-gcc, r-devel-windows-x86_64
Version: 0.3.1
Check: package dependencies
Result: NOTE
Packages suggested but not available for checking: 'WGCNA', 'impute'
Flavor: r-release-macos-x86_64