Last updated on 2024-04-24 00:55:39 CEST.
Flavor | Version | Tinstall | Tcheck | Ttotal | Status | Flags |
---|---|---|---|---|---|---|
r-devel-linux-x86_64-debian-clang | 0.1.5 | 78.70 | 66.74 | 145.44 | NOTE | |
r-devel-linux-x86_64-debian-gcc | 0.1.5 | 70.36 | 56.66 | 127.02 | NOTE | |
r-devel-linux-x86_64-fedora-clang | 0.1.5 | 187.42 | NOTE | |||
r-devel-linux-x86_64-fedora-gcc | 0.1.5 | 221.77 | NOTE | |||
r-prerel-macos-arm64 | 0.1.5 | 49.00 | NOTE | |||
r-prerel-windows-x86_64 | 0.1.5 | 68.00 | 85.00 | 153.00 | NOTE | |
r-patched-linux-x86_64 | 0.1.5 | 92.98 | 69.35 | 162.33 | NOTE | |
r-release-linux-x86_64 | 0.1.5 | 84.46 | 72.92 | 157.38 | NOTE | |
r-release-macos-arm64 | 0.1.5 | 61.00 | NOTE | |||
r-release-macos-x86_64 | 0.1.5 | 92.00 | NOTE | |||
r-release-windows-x86_64 | 0.1.5 | 80.00 | 106.00 | 186.00 | NOTE | |
r-oldrel-macos-arm64 | 0.1.5 | 55.00 | NOTE | |||
r-oldrel-windows-x86_64 | 0.1.5 | 75.00 | 99.00 | 174.00 | OK |
Version: 0.1.5
Check: C++ specification
Result: NOTE
Specified C++11: please drop specification unless essential
Flavors: r-devel-linux-x86_64-debian-clang, r-devel-linux-x86_64-debian-gcc, r-devel-linux-x86_64-fedora-clang, r-devel-linux-x86_64-fedora-gcc, r-prerel-macos-arm64, r-prerel-windows-x86_64, r-patched-linux-x86_64, r-release-linux-x86_64, r-release-macos-arm64, r-release-macos-x86_64, r-release-windows-x86_64
Version: 0.1.5
Check: installed package size
Result: NOTE
installed size is 29.0Mb
sub-directories of 1Mb or more:
libs 28.9Mb
Flavors: r-prerel-macos-arm64, r-release-macos-arm64, r-release-macos-x86_64, r-oldrel-macos-arm64