Last updated on 2023-05-28 23:13:56 CEST.
Flavor | Version | Tinstall | Tcheck | Ttotal | Status | Flags |
---|---|---|---|---|---|---|
r-devel-linux-x86_64-debian-clang | 0.1.5 | 70.47 | 70.52 | 140.99 | NOTE | |
r-devel-linux-x86_64-debian-gcc | 0.1.5 | 59.07 | 57.90 | 116.97 | NOTE | |
r-devel-linux-x86_64-fedora-clang | 0.1.5 | 178.43 | NOTE | |||
r-devel-linux-x86_64-fedora-gcc | 0.1.5 | 197.23 | NOTE | |||
r-devel-windows-x86_64 | 0.1.5 | 50.00 | 92.00 | 142.00 | NOTE | |
r-patched-linux-x86_64 | 0.1.5 | 63.75 | 73.28 | 137.03 | NOTE | |
r-release-linux-x86_64 | 0.1.5 | 60.43 | 72.45 | 132.88 | NOTE | |
r-release-macos-arm64 | 0.1.5 | 61.00 | NOTE | |||
r-release-macos-x86_64 | 0.1.5 | 92.00 | NOTE | |||
r-release-windows-x86_64 | 0.1.5 | 67.00 | 108.00 | 175.00 | NOTE | |
r-oldrel-macos-arm64 | 0.1.5 | 55.00 | NOTE | |||
r-oldrel-macos-x86_64 | 0.1.5 | 70.00 | NOTE | |||
r-oldrel-windows-x86_64 | 0.1.5 | 62.00 | 101.00 | 163.00 | OK |
Version: 0.1.5
Check: C++ specification
Result: NOTE
Specified C++11: please drop specification unless essential
Flavors: r-devel-linux-x86_64-debian-clang, r-devel-linux-x86_64-debian-gcc, r-devel-linux-x86_64-fedora-clang, r-devel-linux-x86_64-fedora-gcc, r-devel-windows-x86_64, r-patched-linux-x86_64, r-release-linux-x86_64, r-release-macos-arm64, r-release-macos-x86_64, r-release-windows-x86_64
Version: 0.1.5
Check: installed package size
Result: NOTE
installed size is 24.3Mb
sub-directories of 1Mb or more:
libs 24.2Mb
Flavors: r-release-macos-arm64, r-release-macos-x86_64, r-oldrel-macos-arm64, r-oldrel-macos-x86_64