CRAN Package Check Results for Package DDoutlier

Last updated on 2024-05-30 09:56:10 CEST.

Flavor Version Tinstall Tcheck Ttotal Status Flags
r-devel-linux-x86_64-debian-clang 0.1.0 2.45 27.23 29.68 NOTE
r-devel-linux-x86_64-debian-gcc 0.1.0 2.30 20.94 23.24 NOTE
r-devel-linux-x86_64-fedora-clang 0.1.0 38.81 NOTE
r-devel-linux-x86_64-fedora-gcc 0.1.0 36.72 NOTE
r-devel-windows-x86_64 0.1.0 3.00 45.00 48.00 NOTE
r-patched-linux-x86_64 0.1.0 2.96 26.34 29.30 NOTE
r-release-linux-x86_64 0.1.0 2.86 26.44 29.30 NOTE
r-release-macos-arm64 0.1.0 17.00 NOTE
r-release-windows-x86_64 0.1.0 3.00 43.00 46.00 NOTE
r-oldrel-macos-arm64 0.1.0 16.00 NOTE
r-oldrel-macos-x86_64 0.1.0 21.00 NOTE
r-oldrel-windows-x86_64 0.1.0 5.00 46.00 51.00 NOTE

Check Details

Version: 0.1.0
Check: LazyData
Result: NOTE 'LazyData' is specified without a 'data' directory Flavors: r-devel-linux-x86_64-debian-clang, r-devel-linux-x86_64-debian-gcc, r-devel-linux-x86_64-fedora-clang, r-devel-linux-x86_64-fedora-gcc, r-devel-windows-x86_64, r-patched-linux-x86_64, r-release-linux-x86_64, r-release-macos-arm64, r-release-windows-x86_64, r-oldrel-macos-arm64, r-oldrel-macos-x86_64, r-oldrel-windows-x86_64