Last updated on 2024-05-07 00:56:11 CEST.
Flavor | Version | Tinstall | Tcheck | Ttotal | Status | Flags |
---|---|---|---|---|---|---|
r-devel-linux-x86_64-debian-clang | 1.0.11 | 12.88 | 119.47 | 132.35 | OK | |
r-devel-linux-x86_64-debian-gcc | 1.0.11 | 9.50 | 89.62 | 99.12 | OK | |
r-devel-linux-x86_64-fedora-clang | 1.0.11 | 172.69 | NOTE | |||
r-devel-linux-x86_64-fedora-gcc | 1.0.11 | 172.13 | NOTE | |||
r-devel-windows-x86_64 | 1.0.11 | 13.00 | 101.00 | 114.00 | OK | |
r-patched-linux-x86_64 | 1.0.11 | 12.24 | 115.30 | 127.54 | OK | |
r-release-linux-x86_64 | 1.0.11 | 12.04 | 115.98 | 128.02 | OK | |
r-release-macos-arm64 | 1.0.11 | 56.00 | OK | |||
r-release-windows-x86_64 | 1.0.11 | 14.00 | 100.00 | 114.00 | OK | |
r-oldrel-macos-arm64 | 1.0.11 | 54.00 | OK | |||
r-oldrel-macos-x86_64 | 1.0.11 | 117.00 | OK | |||
r-oldrel-windows-x86_64 | 1.0.11 | 16.00 | 122.00 | 138.00 | OK |
Version: 1.0.11
Check: data for non-ASCII characters
Result: NOTE
Note: found 7 marked UTF-8 strings
Flavors: r-devel-linux-x86_64-fedora-clang, r-devel-linux-x86_64-fedora-gcc