CRAN Package Check Results for Package DEoptimR

Last updated on 2021-12-06 04:50:33 CET.

Flavor Version Tinstall Tcheck Ttotal Status Flags
r-devel-linux-x86_64-debian-clang 1.0-9 2.03 41.90 43.93 OK
r-devel-linux-x86_64-debian-gcc 1.0-9 1.51 32.33 33.84 OK
r-devel-linux-x86_64-fedora-clang 1.0-9 54.91 NOTE
r-devel-linux-x86_64-fedora-gcc 1.0-9 46.19 OK
r-devel-windows-x86_64-new-UL 1.0-9 6.00 64.00 70.00 OK
r-devel-windows-x86_64-new-TK 1.0-9 OK
r-devel-windows-x86_64-old 1.0-9 4.00 37.00 41.00 OK
r-patched-linux-x86_64 1.0-9 2.07 32.30 34.37 OK
r-release-linux-x86_64 1.0-9 1.83 41.05 42.88 OK
r-release-macos-arm64 1.0-9 OK
r-release-macos-x86_64 1.0-9 OK
r-release-windows-ix86+x86_64 1.0-9 5.00 53.00 58.00 OK
r-oldrel-macos-x86_64 1.0-9 OK
r-oldrel-windows-ix86+x86_64 1.0-9 3.00 41.00 44.00 OK

Check Details

Version: 1.0-9
Check: Rd cross-references
Result: NOTE
    Undeclared package ‘DEoptim’ in Rd xrefs
Flavor: r-devel-linux-x86_64-fedora-clang