Last updated on 2024-04-23 08:57:45 CEST.
Flavor | Version | Tinstall | Tcheck | Ttotal | Status | Flags |
---|---|---|---|---|---|---|
r-devel-linux-x86_64-debian-clang | 1.0.3 | 0.67 | 2.32 | 2.99 | ERROR | |
r-devel-linux-x86_64-debian-gcc | 1.0.3 | 24.33 | 224.76 | 249.09 | NOTE | |
r-devel-linux-x86_64-fedora-clang | 1.0.3 | 449.02 | OK | |||
r-devel-linux-x86_64-fedora-gcc | 1.0.3 | 423.73 | OK | |||
r-prerel-macos-arm64 | 1.0.3 | 114.00 | OK | |||
r-prerel-macos-x86_64 | 1.0.3 | 230.00 | OK | |||
r-prerel-windows-x86_64 | 1.0.3 | 26.00 | 219.00 | 245.00 | NOTE | |
r-patched-linux-x86_64 | 1.0.3 | 26.49 | 291.25 | 317.74 | OK | |
r-release-linux-x86_64 | 1.0.3 | 25.56 | 307.08 | 332.64 | OK | |
r-release-macos-arm64 | 1.0.3 | 121.00 | NOTE | |||
r-release-macos-x86_64 | 1.0.3 | 214.00 | NOTE | |||
r-release-windows-x86_64 | 1.0.3 | 38.00 | 274.00 | 312.00 | NOTE | |
r-oldrel-macos-arm64 | 1.0.3 | 82.00 | OK | |||
r-oldrel-windows-x86_64 | 1.0.3 | 37.00 | 267.00 | 304.00 | NOTE |
Version: 1.0.3
Check: package dependencies
Result: ERROR
Package required but not available: ‘WGCNA’
Packages suggested but not available for checking:
'GOstats', 'org.Hs.eg.db', 'AnnotationDbi'
See section ‘The DESCRIPTION file’ in the ‘Writing R Extensions’
manual.
Flavor: r-devel-linux-x86_64-debian-clang
Version: 1.0.3
Check: package dependencies
Result: NOTE
Package suggested but not available for checking: ‘GOstats’
Flavors: r-devel-linux-x86_64-debian-gcc, r-release-macos-x86_64
Version: 1.0.3
Check: package dependencies
Result: NOTE
Package suggested but not available for checking: 'doMC'
Flavors: r-prerel-windows-x86_64, r-release-windows-x86_64, r-oldrel-windows-x86_64
Version: 1.0.3
Check: package dependencies
Result: NOTE
Packages suggested but not available for checking: 'GOstats', 'MEGENA'
Flavor: r-release-macos-arm64