Last updated on 2024-04-20 08:50:49 CEST.
Flavor | Version | Tinstall | Tcheck | Ttotal | Status | Flags |
---|---|---|---|---|---|---|
r-devel-linux-x86_64-debian-clang | 0.9.2 | 9.37 | 96.59 | 105.96 | OK | |
r-devel-linux-x86_64-debian-gcc | 0.9.2 | 8.18 | 69.46 | 77.64 | OK | |
r-devel-linux-x86_64-fedora-clang | 0.9.2 | 129.67 | NOTE | |||
r-devel-linux-x86_64-fedora-gcc | 0.9.2 | 136.19 | NOTE | |||
r-prerel-macos-arm64 | 0.9.2 | 43.00 | OK | |||
r-prerel-windows-x86_64 | 0.9.2 | 10.00 | 87.00 | 97.00 | OK | |
r-patched-linux-x86_64 | 0.9.2 | 11.24 | 88.95 | 100.19 | OK | |
r-release-linux-x86_64 | 0.9.2 | 6.29 | 90.42 | 96.71 | OK | |
r-release-macos-arm64 | 0.9.2 | 52.00 | OK | |||
r-release-macos-x86_64 | 0.9.2 | 94.00 | OK | |||
r-release-windows-x86_64 | 0.9.2 | 11.00 | 101.00 | 112.00 | OK | |
r-oldrel-macos-arm64 | 0.9.2 | 41.00 | OK | |||
r-oldrel-windows-x86_64 | 0.9.2 | 10.00 | 105.00 | 115.00 | OK |
Version: 0.9.2
Check: dependencies in R code
Result: NOTE
Namespace in Imports field not imported from: ‘rlang’
All declared Imports should be used.
Flavors: r-devel-linux-x86_64-fedora-clang, r-devel-linux-x86_64-fedora-gcc