Last updated on 2024-04-23 08:57:46 CEST.
Flavor | Version | Tinstall | Tcheck | Ttotal | Status | Flags |
---|---|---|---|---|---|---|
r-devel-linux-x86_64-debian-clang | 1.2.2 | 0.61 | 2.20 | 2.81 | ERROR | |
r-devel-linux-x86_64-debian-gcc | 1.2.2 | 55.91 | 403.93 | 459.84 | OK | |
r-devel-linux-x86_64-fedora-clang | 1.2.2 | 848.69 | OK | |||
r-devel-linux-x86_64-fedora-gcc | 1.2.2 | 790.46 | OK | |||
r-prerel-macos-arm64 | 1.2.2 | 190.00 | OK | |||
r-prerel-macos-x86_64 | 1.2.2 | 385.00 | OK | |||
r-prerel-windows-x86_64 | 1.2.2 | 60.00 | 354.00 | 414.00 | OK | |
r-patched-linux-x86_64 | 1.2.2 | 45.96 | 514.91 | 560.87 | OK | |
r-release-linux-x86_64 | 1.2.2 | 48.06 | 529.69 | 577.75 | OK | |
r-release-macos-arm64 | 1.2.2 | 194.00 | OK | |||
r-release-macos-x86_64 | 1.2.2 | 431.00 | OK | |||
r-release-windows-x86_64 | 1.2.2 | 83.00 | 456.00 | 539.00 | OK | |
r-oldrel-macos-arm64 | 1.2.2 | 195.00 | OK | |||
r-oldrel-windows-x86_64 | 1.2.2 | 78.00 | 418.00 | 496.00 | OK |
Version: 1.2.2
Check: package dependencies
Result: ERROR
Packages required but not available:
'SingleCellExperiment', 'TSCAN', 'AnnotationDbi', 'org.Hs.eg.db'
See section ‘The DESCRIPTION file’ in the ‘Writing R Extensions’
manual.
Flavor: r-devel-linux-x86_64-debian-clang