CRAN Package Check Results for Package DMTL

Last updated on 2023-06-02 18:52:42 CEST.

Flavor Version Tinstall Tcheck Ttotal Status Flags
r-devel-linux-x86_64-debian-clang 0.1.2 2.86 45.59 48.45 NOTE
r-devel-linux-x86_64-debian-gcc 0.1.2 2.24 35.01 37.25 NOTE
r-devel-linux-x86_64-fedora-clang 0.1.2 60.46 NOTE
r-devel-linux-x86_64-fedora-gcc 0.1.2 57.84 NOTE
r-devel-windows-x86_64 0.1.2 4.00 61.00 65.00 NOTE
r-patched-linux-x86_64 0.1.2 NOTE
r-release-linux-x86_64 0.1.2 1.71 44.18 45.89 NOTE
r-release-macos-arm64 0.1.2 28.00 NOTE
r-release-macos-x86_64 0.1.2 37.00 NOTE
r-release-windows-x86_64 0.1.2 5.00 64.00 69.00 NOTE
r-oldrel-macos-arm64 0.1.2 26.00 NOTE
r-oldrel-macos-x86_64 0.1.2 43.00 NOTE
r-oldrel-windows-x86_64 0.1.2 5.00 64.00 69.00 NOTE

Check Details

Version: 0.1.2
Check: package subdirectories
Result: NOTE
    Problems with news in ‘NEWS.md’:
    No news entries found.
Flavors: r-devel-linux-x86_64-debian-clang, r-devel-linux-x86_64-debian-gcc, r-devel-linux-x86_64-fedora-clang, r-devel-linux-x86_64-fedora-gcc, r-devel-windows-x86_64, r-patched-linux-x86_64, r-release-linux-x86_64, r-release-macos-arm64, r-release-macos-x86_64, r-release-windows-x86_64

Version: 0.1.2
Check: LazyData
Result: NOTE
     'LazyData' is specified without a 'data' directory
Flavors: r-devel-linux-x86_64-debian-clang, r-devel-linux-x86_64-debian-gcc, r-devel-linux-x86_64-fedora-clang, r-devel-linux-x86_64-fedora-gcc, r-devel-windows-x86_64, r-patched-linux-x86_64, r-release-linux-x86_64, r-release-macos-arm64, r-release-macos-x86_64, r-release-windows-x86_64, r-oldrel-macos-arm64, r-oldrel-macos-x86_64, r-oldrel-windows-x86_64