Last updated on 2024-03-28 23:55:05 CET.
Flavor | Version | Tinstall | Tcheck | Ttotal | Status | Flags |
---|---|---|---|---|---|---|
r-devel-linux-x86_64-debian-clang | 0.0-1 | 13.56 | 193.29 | 206.85 | NOTE | |
r-devel-linux-x86_64-debian-gcc | 0.0-1 | 11.84 | 142.86 | 154.70 | NOTE | |
r-devel-linux-x86_64-fedora-clang | 0.0-1 | 256.70 | NOTE | |||
r-devel-linux-x86_64-fedora-gcc | 0.0-1 | 251.07 | NOTE | |||
r-devel-windows-x86_64 | 0.0-1 | 12.00 | 146.00 | 158.00 | NOTE | |
r-patched-linux-x86_64 | 0.0-1 | 11.03 | 186.76 | 197.79 | NOTE | |
r-release-linux-x86_64 | 0.0-1 | 9.09 | 191.42 | 200.51 | OK | |
r-release-macos-arm64 | 0.0-1 | 80.00 | OK | |||
r-release-macos-x86_64 | 0.0-1 | 116.00 | OK | |||
r-release-windows-x86_64 | 0.0-1 | 15.00 | 192.00 | 207.00 | OK | |
r-oldrel-macos-arm64 | 0.0-1 | 57.00 | OK | |||
r-oldrel-windows-x86_64 | 0.0-1 | 16.00 | 189.00 | 205.00 | OK |
Version: 0.0-1
Check: Rd files
Result: NOTE
checkRd: (-1) setCPT.O.Rd:85: Lost braces; missing escapes or markup?
85 | statespace {0,1,2}, which this is *not* checked anywhere. Thus, if
| ^
Flavors: r-devel-linux-x86_64-debian-clang, r-devel-linux-x86_64-debian-gcc, r-devel-linux-x86_64-fedora-clang, r-devel-linux-x86_64-fedora-gcc, r-devel-windows-x86_64, r-patched-linux-x86_64