CRAN Package Check Results for Package DOPE

Last updated on 2024-04-19 16:58:39 CEST.

Flavor Version Tinstall Tcheck Ttotal Status Flags
r-devel-linux-x86_64-debian-clang 2.1.0 11.35 121.87 133.22 OK
r-devel-linux-x86_64-debian-gcc 2.1.0 OK
r-devel-linux-x86_64-fedora-clang 2.1.0 164.88 NOTE
r-devel-linux-x86_64-fedora-gcc 2.1.0 183.54 NOTE
r-prerel-macos-arm64 2.1.0 60.00 OK
r-prerel-windows-x86_64 2.1.0 12.00 105.00 117.00 OK
r-patched-linux-x86_64 2.1.0 8.23 114.91 123.14 OK
r-release-linux-x86_64 2.1.0 10.65 117.22 127.87 OK
r-release-macos-arm64 2.1.0 67.00 OK
r-release-macos-x86_64 2.1.0 98.00 OK
r-release-windows-x86_64 2.1.0 14.00 126.00 140.00 OK
r-oldrel-macos-arm64 2.1.0 49.00 NOTE
r-oldrel-windows-x86_64 2.1.0 14.00 130.00 144.00 OK

Check Details

Version: 2.1.0
Check: data for non-ASCII characters
Result: NOTE Note: found 100 marked UTF-8 strings Flavors: r-devel-linux-x86_64-fedora-clang, r-devel-linux-x86_64-fedora-gcc, r-oldrel-macos-arm64