Last updated on 2023-06-05 16:54:53 CEST.
Flavor | Version | Tinstall | Tcheck | Ttotal | Status | Flags |
---|---|---|---|---|---|---|
r-devel-linux-x86_64-debian-clang | 2.1.0 | 12.34 | 121.92 | 134.26 | OK | |
r-devel-linux-x86_64-debian-gcc | 2.1.0 | 8.39 | 94.25 | 102.64 | OK | |
r-devel-linux-x86_64-fedora-clang | 2.1.0 | 163.45 | NOTE | |||
r-devel-linux-x86_64-fedora-gcc | 2.1.0 | 172.37 | NOTE | |||
r-devel-windows-x86_64 | 2.1.0 | 10.00 | 107.00 | 117.00 | OK | |
r-patched-linux-x86_64 | 2.1.0 | 8.19 | 115.51 | 123.70 | OK | |
r-release-linux-x86_64 | 2.1.0 | 9.70 | 117.22 | 126.92 | OK | |
r-release-macos-arm64 | 2.1.0 | 67.00 | OK | |||
r-release-macos-x86_64 | 2.1.0 | 98.00 | OK | |||
r-release-windows-x86_64 | 2.1.0 | 14.00 | 127.00 | 141.00 | OK | |
r-oldrel-macos-arm64 | 2.1.0 | 49.00 | NOTE | |||
r-oldrel-macos-x86_64 | 2.1.0 | 99.00 | NOTE | |||
r-oldrel-windows-x86_64 | 2.1.0 | 14.00 | 131.00 | 145.00 | OK |
Version: 2.1.0
Check: data for non-ASCII characters
Result: NOTE
Note: found 100 marked UTF-8 strings
Flavors: r-devel-linux-x86_64-fedora-clang, r-devel-linux-x86_64-fedora-gcc, r-oldrel-macos-arm64, r-oldrel-macos-x86_64