Last updated on 2024-03-27 23:59:42 CET.
Flavor | Version | Tinstall | Tcheck | Ttotal | Status | Flags |
---|---|---|---|---|---|---|
r-devel-linux-x86_64-debian-clang | 2.1.0 | 10.62 | 118.32 | 128.94 | OK | |
r-devel-linux-x86_64-debian-gcc | 2.1.0 | 8.39 | 91.37 | 99.76 | OK | |
r-devel-linux-x86_64-fedora-clang | 2.1.0 | 165.09 | NOTE | |||
r-devel-linux-x86_64-fedora-gcc | 2.1.0 | 171.92 | NOTE | |||
r-devel-windows-x86_64 | 2.1.0 | 10.00 | 102.00 | 112.00 | OK | |
r-patched-linux-x86_64 | 2.1.0 | 9.24 | 112.44 | 121.68 | OK | |
r-release-linux-x86_64 | 2.1.0 | 11.44 | 113.58 | 125.02 | OK | |
r-release-macos-arm64 | 2.1.0 | 67.00 | OK | |||
r-release-macos-x86_64 | 2.1.0 | 98.00 | OK | |||
r-release-windows-x86_64 | 2.1.0 | 14.00 | 123.00 | 137.00 | OK | |
r-oldrel-macos-arm64 | 2.1.0 | 49.00 | NOTE | |||
r-oldrel-windows-x86_64 | 2.1.0 | 14.00 | 131.00 | 145.00 | OK |
Version: 2.1.0
Check: data for non-ASCII characters
Result: NOTE
Note: found 100 marked UTF-8 strings
Flavors: r-devel-linux-x86_64-fedora-clang, r-devel-linux-x86_64-fedora-gcc, r-oldrel-macos-arm64