Last updated on 2024-04-20 08:50:50 CEST.
Flavor | Version | Tinstall | Tcheck | Ttotal | Status | Flags |
---|---|---|---|---|---|---|
r-devel-linux-x86_64-debian-clang | 3.4 | 170.23 | 342.64 | 512.87 | OK | |
r-devel-linux-x86_64-debian-gcc | 3.4 | 128.41 | 247.91 | 376.32 | OK | |
r-devel-linux-x86_64-fedora-clang | 3.4 | 706.53 | OK | |||
r-devel-linux-x86_64-fedora-gcc | 3.4 | 694.58 | OK | |||
r-prerel-macos-arm64 | 3.4 | 152.00 | NOTE | |||
r-prerel-macos-x86_64 | 3.4 | 372.00 | NOTE | |||
r-prerel-windows-x86_64 | 3.4 | 126.00 | 251.00 | 377.00 | OK | |
r-patched-linux-x86_64 | 3.4 | 172.81 | 318.90 | 491.71 | OK | |
r-release-linux-x86_64 | 3.4 | 152.23 | 326.41 | 478.64 | OK | |
r-release-macos-arm64 | 3.4 | 163.00 | NOTE | |||
r-release-macos-x86_64 | 3.4 | 364.00 | NOTE | |||
r-release-windows-x86_64 | 3.4 | 158.00 | 335.00 | 493.00 | OK | |
r-oldrel-macos-arm64 | 3.4 | 147.00 | NOTE | |||
r-oldrel-windows-x86_64 | 3.4 | 156.00 | 315.00 | 471.00 | OK |
Version: 3.4
Check: installed package size
Result: NOTE
installed size is 9.6Mb
sub-directories of 1Mb or more:
data 1.6Mb
libs 7.7Mb
Flavors: r-prerel-macos-arm64, r-prerel-macos-x86_64, r-release-macos-arm64, r-release-macos-x86_64, r-oldrel-macos-arm64