Last updated on 2024-03-27 23:59:42 CET.
Flavor | Version | Tinstall | Tcheck | Ttotal | Status | Flags |
---|---|---|---|---|---|---|
r-devel-linux-x86_64-debian-clang | 2.5-2 | 39.80 | 880.16 | 919.96 | OK | |
r-devel-linux-x86_64-debian-gcc | 2.5-2 | 33.69 | 643.37 | 677.06 | OK | |
r-devel-linux-x86_64-fedora-clang | 2.5-2 | 1207.56 | NOTE | |||
r-devel-linux-x86_64-fedora-gcc | 2.5-2 | 1127.38 | OK | |||
r-devel-windows-x86_64 | 2.5-2 | 38.00 | 588.00 | 626.00 | NOTE | |
r-patched-linux-x86_64 | 2.5-2 | 43.95 | 849.69 | 893.64 | OK | |
r-release-linux-x86_64 | 2.5-2 | 39.57 | 865.47 | 905.04 | OK | |
r-release-macos-arm64 | 2.5-2 | 301.00 | NOTE | |||
r-release-macos-x86_64 | 2.5-2 | 609.00 | NOTE | |||
r-release-windows-x86_64 | 2.5-2 | 53.00 | 801.00 | 854.00 | NOTE | |
r-oldrel-macos-arm64 | 2.5-2 | 358.00 | NOTE | |||
r-oldrel-windows-x86_64 | 2.5-2 | 56.00 | 837.00 | 893.00 | NOTE |
Version: 2.5-2
Check: installed package size
Result: NOTE
installed size is 6.1Mb
sub-directories of 1Mb or more:
doc 2.9Mb
Flavors: r-devel-linux-x86_64-fedora-clang, r-devel-windows-x86_64, r-release-macos-arm64, r-release-macos-x86_64, r-release-windows-x86_64, r-oldrel-macos-arm64, r-oldrel-windows-x86_64