Last updated on 2024-03-28 23:55:05 CET.
Flavor | Version | Tinstall | Tcheck | Ttotal | Status | Flags |
---|---|---|---|---|---|---|
r-devel-linux-x86_64-debian-clang | 1.4.0 | 14.35 | 142.73 | 157.08 | OK | |
r-devel-linux-x86_64-debian-gcc | 1.4.0 | 12.35 | 103.13 | 115.48 | OK | |
r-devel-linux-x86_64-fedora-clang | 1.4.0 | 193.42 | OK | |||
r-devel-linux-x86_64-fedora-gcc | 1.4.0 | 270.24 | OK | |||
r-devel-windows-x86_64 | 1.4.0 | 15.00 | 79.00 | 94.00 | ERROR | |
r-patched-linux-x86_64 | 1.4.0 | 23.72 | 135.92 | 159.64 | OK | |
r-release-linux-x86_64 | 1.4.0 | 16.87 | 139.22 | 156.09 | OK | |
r-release-macos-arm64 | 1.4.0 | 80.00 | OK | |||
r-release-macos-x86_64 | 1.4.0 | 130.00 | OK | |||
r-release-windows-x86_64 | 1.4.0 | 19.00 | 154.00 | 173.00 | OK | |
r-oldrel-macos-arm64 | 1.4.0 | 79.00 | OK | |||
r-oldrel-windows-x86_64 | 1.4.0 | 19.00 | 151.00 | 170.00 | OK |
Version: 1.4.0
Check: tests
Result: ERROR
Running 'testthat.R' [1s]
Running the tests in 'tests/testthat.R' failed.
Complete output:
> library(testthat)
> library(DSLite)
Loading required package: DSI
Loading required package: progress
Loading required package: R6
Loading required package: rly
>
> test_check("DSLite")
Flavor: r-devel-windows-x86_64