Last updated on 2024-04-18 16:49:52 CEST.
Flavor | Version | Tinstall | Tcheck | Ttotal | Status | Flags |
---|---|---|---|---|---|---|
r-devel-linux-x86_64-debian-clang | 2.0.5 | 6.72 | 59.32 | 66.04 | NOTE | |
r-devel-linux-x86_64-debian-gcc | 2.0.5 | 5.21 | 45.45 | 50.66 | NOTE | |
r-devel-linux-x86_64-fedora-clang | 2.0.5 | 83.53 | NOTE | |||
r-devel-linux-x86_64-fedora-gcc | 2.0.5 | 129.28 | NOTE | |||
r-prerel-macos-arm64 | 2.0.5 | 63.00 | NOTE | |||
r-prerel-windows-x86_64 | 2.0.5 | 7.00 | 67.00 | 74.00 | NOTE | |
r-patched-linux-x86_64 | 2.0.5 | 12.47 | 55.74 | 68.21 | NOTE | |
r-release-linux-x86_64 | 2.0.5 | 5.56 | 55.64 | 61.20 | NOTE | |
r-release-macos-arm64 | 2.0.5 | 68.00 | NOTE | |||
r-release-macos-x86_64 | 2.0.5 | 108.00 | NOTE | |||
r-release-windows-x86_64 | 2.0.5 | 9.00 | 75.00 | 84.00 | NOTE | |
r-oldrel-macos-arm64 | 2.0.5 | 52.00 | NOTE | |||
r-oldrel-windows-x86_64 | 2.0.5 | 9.00 | 78.00 | 87.00 | NOTE |
Version: 2.0.5
Check: package dependencies
Result: NOTE
Package suggested but not available for checking: ‘dsBaseClient’
Flavors: r-devel-linux-x86_64-debian-clang, r-devel-linux-x86_64-debian-gcc, r-devel-linux-x86_64-fedora-clang, r-devel-linux-x86_64-fedora-gcc, r-prerel-macos-arm64, r-prerel-windows-x86_64, r-patched-linux-x86_64, r-release-linux-x86_64, r-release-macos-arm64, r-release-macos-x86_64, r-release-windows-x86_64, r-oldrel-macos-arm64, r-oldrel-windows-x86_64