Last updated on 2023-06-05 16:54:53 CEST.
Flavor | Version | Tinstall | Tcheck | Ttotal | Status | Flags |
---|---|---|---|---|---|---|
r-devel-linux-x86_64-debian-clang | 2.0.0 | 5.81 | 55.22 | 61.03 | NOTE | |
r-devel-linux-x86_64-debian-gcc | 2.0.0 | 5.01 | 43.26 | 48.27 | NOTE | |
r-devel-linux-x86_64-fedora-clang | 2.0.0 | 77.12 | NOTE | |||
r-devel-linux-x86_64-fedora-gcc | 2.0.0 | 120.58 | NOTE | |||
r-devel-windows-x86_64 | 2.0.0 | 7.00 | 68.00 | 75.00 | NOTE | |
r-patched-linux-x86_64 | 2.0.0 | 8.13 | 52.83 | 60.96 | NOTE | |
r-release-linux-x86_64 | 2.0.0 | 5.04 | 53.02 | 58.06 | NOTE | |
r-release-macos-arm64 | 2.0.0 | 64.00 | NOTE | |||
r-release-macos-x86_64 | 2.0.0 | 87.00 | NOTE | |||
r-release-windows-x86_64 | 2.0.0 | 9.00 | 72.00 | 81.00 | NOTE | |
r-oldrel-macos-arm64 | 2.0.0 | 37.00 | NOTE | |||
r-oldrel-macos-x86_64 | 2.0.0 | 62.00 | NOTE | |||
r-oldrel-windows-x86_64 | 2.0.0 | 9.00 | 75.00 | 84.00 | NOTE |
Version: 2.0.0
Check: package dependencies
Result: NOTE
Package suggested but not available for checking: ‘dsBaseClient’
Flavors: r-devel-linux-x86_64-debian-clang, r-devel-linux-x86_64-debian-gcc, r-devel-linux-x86_64-fedora-clang, r-devel-linux-x86_64-fedora-gcc, r-devel-windows-x86_64, r-patched-linux-x86_64, r-release-linux-x86_64, r-release-macos-arm64, r-release-macos-x86_64, r-release-windows-x86_64, r-oldrel-macos-arm64, r-oldrel-macos-x86_64, r-oldrel-windows-x86_64