CRAN Package Check Results for Package DSWE

Last updated on 2023-09-25 09:04:46 CEST.

Flavor Version Tinstall Tcheck Ttotal Status Flags
r-devel-linux-x86_64-debian-clang 1.6.3 71.96 155.09 227.05 OK
r-devel-linux-x86_64-debian-gcc 1.6.3 50.52 115.20 165.72 OK
r-devel-linux-x86_64-fedora-clang 1.6.3 288.42 OK
r-devel-linux-x86_64-fedora-gcc 1.6.3 286.72 OK
r-devel-windows-x86_64 1.6.3 55.00 139.00 194.00 OK
r-patched-linux-x86_64 1.6.3 53.45 140.24 193.69 OK
r-release-linux-x86_64 1.6.3 51.49 144.18 195.67 OK
r-release-macos-arm64 1.6.3 68.00 NOTE
r-release-macos-x86_64 1.6.3 159.00 NOTE
r-release-windows-x86_64 1.6.3 72.00 176.00 248.00 OK
r-oldrel-macos-arm64 1.6.3 71.00 NOTE
r-oldrel-macos-x86_64 1.6.3 105.00 NOTE
r-oldrel-windows-x86_64 1.6.3 72.00 171.00 243.00 OK

Check Details

Version: 1.6.3
Check: installed package size
Result: NOTE
     installed size is 6.5Mb
     sub-directories of 1Mb or more:
     data 2.8Mb
     libs 3.4Mb
Flavors: r-release-macos-arm64, r-release-macos-x86_64, r-oldrel-macos-arm64, r-oldrel-macos-x86_64