Last updated on 2024-07-18 00:54:51 CEST.
Flavor | Version | Tinstall | Tcheck | Ttotal | Status | Flags |
---|---|---|---|---|---|---|
r-devel-linux-x86_64-debian-clang | 0.1.0 | 5.75 | 44.40 | 50.15 | NOTE | |
r-devel-linux-x86_64-debian-gcc | 0.1.0 | 4.85 | 33.22 | 38.07 | NOTE | |
r-devel-linux-x86_64-fedora-clang | 0.1.0 | 62.40 | NOTE | |||
r-devel-linux-x86_64-fedora-gcc | 0.1.0 | 57.99 | NOTE | |||
r-devel-windows-x86_64 | 0.1.0 | 6.00 | 56.00 | 62.00 | NOTE | |
r-patched-linux-x86_64 | 0.1.0 | 6.61 | 42.08 | 48.69 | NOTE | |
r-release-linux-x86_64 | 0.1.0 | 4.05 | 41.47 | 45.52 | NOTE | |
r-release-macos-arm64 | 0.1.0 | 22.00 | NOTE | |||
r-release-macos-x86_64 | 0.1.0 | 32.00 | NOTE | |||
r-release-windows-x86_64 | 0.1.0 | 6.00 | 57.00 | 63.00 | NOTE | |
r-oldrel-macos-arm64 | 0.1.0 | 23.00 | NOTE | |||
r-oldrel-macos-x86_64 | 0.1.0 | 32.00 | NOTE | |||
r-oldrel-windows-x86_64 | 0.1.0 | 7.00 | 62.00 | 69.00 | NOTE |
Version: 0.1.0
Check: LazyData
Result: NOTE
'LazyData' is specified without a 'data' directory
Flavors: r-devel-linux-x86_64-debian-clang, r-devel-linux-x86_64-debian-gcc, r-devel-linux-x86_64-fedora-clang, r-devel-linux-x86_64-fedora-gcc, r-devel-windows-x86_64, r-patched-linux-x86_64, r-release-linux-x86_64, r-release-macos-arm64, r-release-macos-x86_64, r-release-windows-x86_64, r-oldrel-macos-arm64, r-oldrel-macos-x86_64, r-oldrel-windows-x86_64