Last updated on 2023-12-08 00:51:53 CET.
Flavor | Version | Tinstall | Tcheck | Ttotal | Status | Flags |
---|---|---|---|---|---|---|
r-devel-linux-x86_64-debian-clang | 1.1.0 | 37.80 | 48.62 | 86.42 | OK | |
r-devel-linux-x86_64-debian-gcc | 1.1.0 | 27.11 | 37.11 | 64.22 | OK | |
r-devel-linux-x86_64-fedora-clang | 1.1.0 | 113.42 | OK | |||
r-devel-linux-x86_64-fedora-gcc | 1.1.0 | 117.41 | OK | |||
r-devel-windows-x86_64 | 1.1.0 | 31.00 | 75.00 | 106.00 | OK | |
r-patched-linux-x86_64 | 1.1.0 | 32.38 | 48.90 | 81.28 | OK | |
r-release-linux-x86_64 | 1.1.0 | 28.55 | 50.53 | 79.08 | OK | |
r-release-macos-arm64 | 1.1.0 | 39.00 | NOTE | |||
r-release-macos-x86_64 | 1.1.0 | 99.00 | NOTE | |||
r-release-windows-x86_64 | 1.1.0 | 37.00 | 84.00 | 121.00 | OK | |
r-oldrel-macos-arm64 | 1.1.0 | 41.00 | NOTE | |||
r-oldrel-macos-x86_64 | 1.0.0 | 52.00 | NOTE | |||
r-oldrel-windows-x86_64 | 1.1.0 | 32.00 | 85.00 | 117.00 | OK |
Version: 1.1.0
Check: installed package size
Result: NOTE
installed size is 12.3Mb
sub-directories of 1Mb or more:
libs 12.2Mb
Flavors: r-release-macos-arm64, r-release-macos-x86_64, r-oldrel-macos-arm64
Version: 1.0.0
Check: installed package size
Result: NOTE
installed size is 13.0Mb
sub-directories of 1Mb or more:
libs 12.9Mb
Flavor: r-oldrel-macos-x86_64