Last updated on 2024-04-18 08:54:27 CEST.
Flavor | Version | Tinstall | Tcheck | Ttotal | Status | Flags |
---|---|---|---|---|---|---|
r-devel-linux-x86_64-debian-clang | 0.4.2 | 14.20 | 153.84 | 168.04 | OK | |
r-devel-linux-x86_64-debian-gcc | 0.4.2 | 9.74 | 116.40 | 126.14 | OK | |
r-devel-linux-x86_64-fedora-clang | 0.4.2 | 214.08 | NOTE | |||
r-devel-linux-x86_64-fedora-gcc | 0.4.2 | 211.04 | NOTE | |||
r-prerel-macos-arm64 | 0.4.2 | 64.00 | OK | |||
r-prerel-windows-x86_64 | 0.4.2 | 12.00 | 185.00 | 197.00 | OK | |
r-patched-linux-x86_64 | 0.4.2 | 12.47 | 150.63 | 163.10 | OK | |
r-release-linux-x86_64 | 0.4.2 | 13.99 | 149.47 | 163.46 | OK | |
r-release-macos-arm64 | 0.4.2 | 68.00 | OK | |||
r-release-macos-x86_64 | 0.4.2 | 112.00 | OK | |||
r-release-windows-x86_64 | 0.4.2 | 19.00 | 185.00 | 204.00 | OK | |
r-oldrel-macos-arm64 | 0.4.2 | 69.00 | NOTE | |||
r-oldrel-windows-x86_64 | 0.4.2 | 19.00 | 190.00 | 209.00 | OK |
Version: 0.4.2
Check: dependencies in R code
Result: NOTE
Namespace in Imports field not imported from: ‘DT’
All declared Imports should be used.
Flavors: r-devel-linux-x86_64-fedora-clang, r-devel-linux-x86_64-fedora-gcc, r-oldrel-macos-arm64