CRAN Package Check Results for Package DVHmetrics

Last updated on 2021-09-26 20:49:06 CEST.

Flavor Version Tinstall Tcheck Ttotal Status Flags
r-devel-linux-x86_64-debian-clang 0.4.1 12.05 149.17 161.22 OK
r-devel-linux-x86_64-debian-gcc 0.4.1 9.58 112.22 121.80 OK
r-devel-linux-x86_64-fedora-clang 0.4.1 193.29 NOTE
r-devel-linux-x86_64-fedora-gcc 0.4.1 180.93 NOTE
r-devel-windows-x86_64 0.4.1 14.00 134.00 148.00 OK
r-devel-windows-x86_64-gcc10-UCRT 0.4.1 NOTE
r-patched-linux-x86_64 0.4.1 10.69 142.09 152.78 OK
r-patched-solaris-x86 0.4.1 243.30 NOTE
r-release-linux-x86_64 0.4.1 13.33 142.68 156.01 OK
r-release-macos-arm64 0.4.1 NOTE
r-release-macos-x86_64 0.4.1 NOTE
r-release-windows-ix86+x86_64 0.4.1 25.00 169.00 194.00 OK
r-oldrel-macos-x86_64 0.4.1 NOTE
r-oldrel-windows-ix86+x86_64 0.4.1 18.00 125.00 143.00 OK

Check Details

Version: 0.4.1
Check: dependencies in R code
Result: NOTE
    Namespace in Imports field not imported from: ‘DT’
     All declared Imports should be used.
Flavors: r-devel-linux-x86_64-fedora-clang, r-devel-linux-x86_64-fedora-gcc, r-devel-windows-x86_64-gcc10-UCRT, r-patched-solaris-x86, r-release-macos-arm64, r-release-macos-x86_64, r-oldrel-macos-x86_64