Last updated on 2023-05-22 17:01:20 CEST.
Flavor | Version | Tinstall | Tcheck | Ttotal | Status | Flags |
---|---|---|---|---|---|---|
r-devel-linux-x86_64-debian-clang | 1.0.0 | 3.97 | 100.10 | 104.07 | OK | |
r-devel-linux-x86_64-debian-gcc | 1.0.0 | 4.55 | 77.80 | 82.35 | OK | |
r-devel-linux-x86_64-fedora-clang | 1.0.0 | 129.24 | NOTE | |||
r-devel-linux-x86_64-fedora-gcc | 1.0.0 | 135.44 | NOTE | |||
r-devel-windows-x86_64 | 1.0.0 | 6.00 | 100.00 | 106.00 | OK | |
r-patched-linux-x86_64 | 1.0.0 | 5.00 | 97.60 | 102.60 | OK | |
r-release-linux-x86_64 | 1.0.0 | 4.35 | 96.52 | 100.87 | OK | |
r-release-macos-arm64 | 1.0.0 | 48.00 | OK | |||
r-release-macos-x86_64 | 1.0.0 | 80.00 | OK | |||
r-release-windows-x86_64 | 1.0.0 | 7.00 | 123.00 | 130.00 | OK | |
r-oldrel-macos-arm64 | 1.0.0 | 35.00 | NOTE | |||
r-oldrel-macos-x86_64 | 1.0.0 | 50.00 | NOTE | |||
r-oldrel-windows-x86_64 | 1.0.0 | 7.00 | 119.00 | 126.00 | OK |
Version: 1.0.0
Check: dependencies in R code
Result: NOTE
Namespaces in Imports field not imported from:
‘ncdf4’ ‘rgdal’
All declared Imports should be used.
Flavors: r-devel-linux-x86_64-fedora-clang, r-devel-linux-x86_64-fedora-gcc, r-oldrel-macos-arm64, r-oldrel-macos-x86_64