CRAN Package Check Results for Package DWLasso

Last updated on 2021-10-17 12:52:41 CEST.

Flavor Version Tinstall Tcheck Ttotal Status Flags
r-devel-linux-x86_64-debian-clang 1.1 10.08 104.11 114.19 NOTE
r-devel-linux-x86_64-debian-gcc 1.1 8.00 78.07 86.07 NOTE
r-devel-linux-x86_64-fedora-clang 1.1 150.50 NOTE
r-devel-linux-x86_64-fedora-gcc 1.1 133.22 NOTE
r-devel-windows-x86_64 1.1 18.00 127.00 145.00 NOTE
r-devel-windows-x86_64-gcc10-UCRT 1.1 NOTE
r-patched-linux-x86_64 1.1 10.49 98.50 108.99 NOTE
r-patched-solaris-x86 1.1 196.00 NOTE
r-release-linux-x86_64 1.1 9.17 96.55 105.72 NOTE
r-release-macos-arm64 1.1 NOTE
r-release-macos-x86_64 1.1 NOTE
r-release-windows-ix86+x86_64 1.1 22.00 126.00 148.00 NOTE
r-oldrel-macos-x86_64 1.1 OK
r-oldrel-windows-ix86+x86_64 1.1 29.00 129.00 158.00 OK

Check Details

Version: 1.1
Check: LazyData
Result: NOTE
     'LazyData' is specified without a 'data' directory
Flavors: r-devel-linux-x86_64-debian-clang, r-devel-linux-x86_64-debian-gcc, r-devel-linux-x86_64-fedora-clang, r-devel-linux-x86_64-fedora-gcc, r-devel-windows-x86_64, r-devel-windows-x86_64-gcc10-UCRT, r-patched-linux-x86_64, r-patched-solaris-x86, r-release-linux-x86_64, r-release-macos-arm64, r-release-macos-x86_64, r-release-windows-ix86+x86_64