Last updated on 2024-04-27 00:57:56 CEST.
Flavor | Version | Tinstall | Tcheck | Ttotal | Status | Flags |
---|---|---|---|---|---|---|
r-devel-linux-x86_64-debian-clang | 0.1.5 | 7.03 | 59.04 | 66.07 | NOTE | |
r-devel-linux-x86_64-debian-gcc | 0.1.5 | 4.78 | 44.91 | 49.69 | NOTE | |
r-devel-linux-x86_64-fedora-clang | 0.1.5 | 85.15 | NOTE | |||
r-devel-linux-x86_64-fedora-gcc | 0.1.5 | 92.15 | NOTE | |||
r-devel-windows-x86_64 | 0.1.5 | 6.00 | 68.00 | 74.00 | NOTE | |
r-patched-linux-x86_64 | 0.1.5 | 6.06 | 56.69 | 62.75 | NOTE | |
r-release-linux-x86_64 | 0.1.5 | 6.20 | 56.12 | 62.32 | OK | |
r-release-macos-arm64 | 0.1.5 | 43.00 | NOTE | |||
r-release-windows-x86_64 | 0.1.5 | 6.00 | 67.00 | 73.00 | NOTE | |
r-oldrel-macos-arm64 | 0.1.5 | 46.00 | OK | |||
r-oldrel-macos-x86_64 | 0.1.5 | 60.00 | OK | |||
r-oldrel-windows-x86_64 | 0.1.5 | 8.00 | 76.00 | 84.00 | OK |
Version: 0.1.5
Check: Rd files
Result: NOTE
checkRd: (-1) data_edit.Rd:137: Lost braces
137 | code{data_edit} is a shiny application built on \code{rhandsontable} that is
| ^
Flavors: r-devel-linux-x86_64-debian-clang, r-devel-linux-x86_64-debian-gcc, r-devel-linux-x86_64-fedora-clang, r-devel-linux-x86_64-fedora-gcc, r-devel-windows-x86_64, r-patched-linux-x86_64, r-release-macos-arm64, r-release-windows-x86_64