Last updated on 2023-10-03 17:05:52 CEST.
Flavor | Version | Tinstall | Tcheck | Ttotal | Status | Flags |
---|---|---|---|---|---|---|
r-devel-linux-x86_64-debian-clang | 1.3.1 | 45.50 | 268.66 | 314.16 | NOTE | |
r-devel-linux-x86_64-debian-gcc | 1.3.1 | 32.81 | 196.64 | 229.45 | NOTE | |
r-devel-linux-x86_64-fedora-clang | 1.3.1 | 418.57 | NOTE | |||
r-devel-linux-x86_64-fedora-gcc | 1.3.1 | 407.23 | NOTE | |||
r-devel-windows-x86_64 | 1.3.1 | 39.00 | 238.00 | 277.00 | NOTE | |
r-patched-linux-x86_64 | 1.3.1 | 49.38 | 265.13 | 314.51 | OK | |
r-release-linux-x86_64 | 1.3.1 | 41.01 | 267.07 | 308.08 | OK | |
r-release-macos-arm64 | 1.3.1 | 99.00 | OK | |||
r-release-macos-x86_64 | 1.3.1 | 186.00 | OK | |||
r-release-windows-x86_64 | 1.3.1 | 49.00 | 275.00 | 324.00 | OK | |
r-oldrel-macos-arm64 | 1.3.1 | 102.00 | OK | |||
r-oldrel-macos-x86_64 | 1.3.1 | 137.00 | OK | |||
r-oldrel-windows-x86_64 | 1.3.1 | 47.00 | 273.00 | 320.00 | OK |
Version: 1.3.1
Check: Rd contents
Result: NOTE
Argument items with no description in Rd object 'zplot':
‘xlim’ ‘ylim’
Flavors: r-devel-linux-x86_64-debian-clang, r-devel-linux-x86_64-debian-gcc, r-devel-linux-x86_64-fedora-clang, r-devel-linux-x86_64-fedora-gcc, r-devel-windows-x86_64
Version: 1.3.1
Check: Rd cross-references
Result: NOTE
Undeclared package ‘FCPS’ in Rd xrefs
Flavor: r-devel-linux-x86_64-fedora-clang