Last updated on 2024-04-23 16:58:12 CEST.
Flavor | Version | Tinstall | Tcheck | Ttotal | Status | Flags |
---|---|---|---|---|---|---|
r-devel-linux-x86_64-debian-clang | 1.3.2 | 53.28 | 264.09 | 317.37 | OK | |
r-devel-linux-x86_64-debian-gcc | 1.3.2 | 35.58 | 189.21 | 224.79 | OK | |
r-devel-linux-x86_64-fedora-clang | 1.3.2 | 399.79 | NOTE | |||
r-devel-linux-x86_64-fedora-gcc | 1.3.2 | 422.36 | OK | |||
r-prerel-macos-arm64 | 1.3.2 | 83.00 | OK | |||
r-prerel-windows-x86_64 | 1.3.2 | 40.00 | 247.00 | 287.00 | OK | |
r-patched-linux-x86_64 | 1.3.2 | 50.80 | 259.18 | 309.98 | OK | |
r-release-linux-x86_64 | 1.3.2 | 43.42 | 268.04 | 311.46 | OK | |
r-release-macos-arm64 | 1.3.2 | 86.00 | OK | |||
r-release-macos-x86_64 | 1.3.2 | 222.00 | OK | |||
r-release-windows-x86_64 | 1.3.2 | 50.00 | 249.00 | 299.00 | OK | |
r-oldrel-macos-arm64 | 1.3.2 | 85.00 | OK | |||
r-oldrel-windows-x86_64 | 1.3.2 | 50.00 | 239.00 | 289.00 | OK |
Version: 1.3.2
Check: Rd cross-references
Result: NOTE
Undeclared package ‘FCPS’ in Rd xrefs
Flavor: r-devel-linux-x86_64-fedora-clang