CRAN Package Check Results for Package DatabaseConnector

Last updated on 2021-10-18 12:58:09 CEST.

Flavor Version Tinstall Tcheck Ttotal Status Flags
r-devel-linux-x86_64-debian-clang 4.0.2 9.15 72.96 82.11 OK
r-devel-linux-x86_64-debian-gcc 4.0.2 7.67 55.07 62.74 OK
r-devel-linux-x86_64-fedora-clang 4.0.2 107.71 OK
r-devel-linux-x86_64-fedora-gcc 4.0.2 96.27 OK
r-devel-windows-x86_64 4.0.2 17.00 113.00 130.00 OK
r-devel-windows-x86_64-gcc10-UCRT 4.0.2 OK
r-patched-linux-x86_64 4.0.2 11.45 69.89 81.34 OK
r-patched-solaris-x86 4.0.2 123.20 NOTE
r-release-linux-x86_64 4.0.2 8.46 70.53 78.99 OK
r-release-macos-arm64 4.0.2 OK
r-release-macos-x86_64 4.0.2 OK
r-release-windows-ix86+x86_64 4.0.2 16.00 108.00 124.00 OK
r-oldrel-macos-x86_64 4.0.2 OK
r-oldrel-windows-ix86+x86_64 4.0.2 21.00 111.00 132.00 OK

Check Details

Version: 4.0.2
Check: package dependencies
Result: NOTE
    Package suggested but not available for checking: ‘ssh’
Flavor: r-patched-solaris-x86