Last updated on 2023-12-03 00:56:40 CET.
Flavor | Version | Tinstall | Tcheck | Ttotal | Status | Flags |
---|---|---|---|---|---|---|
r-devel-linux-x86_64-debian-clang | 3.3.3 | 30.06 | 56.73 | 86.79 | NOTE | |
r-devel-linux-x86_64-debian-gcc | 3.3.3 | 21.56 | 42.93 | 64.49 | NOTE | |
r-devel-linux-x86_64-fedora-clang | 3.3.3 | 132.90 | NOTE | |||
r-devel-linux-x86_64-fedora-gcc | 3.3.3 | 123.50 | NOTE | |||
r-devel-windows-x86_64 | 3.3.3 | 26.00 | 81.00 | 107.00 | NOTE | |
r-patched-linux-x86_64 | 3.3.3 | 27.38 | 54.45 | 81.83 | NOTE | |
r-release-linux-x86_64 | 3.3.3 | 27.24 | 53.87 | 81.11 | NOTE | |
r-release-macos-arm64 | 3.3.3 | 39.00 | NOTE | |||
r-release-macos-x86_64 | 3.3.3 | 59.00 | NOTE | |||
r-release-windows-x86_64 | 3.3.3 | 35.00 | 94.00 | 129.00 | NOTE | |
r-oldrel-macos-arm64 | 3.3.3 | 36.00 | OK | |||
r-oldrel-macos-x86_64 | 3.3.3 | 46.00 | OK | |||
r-oldrel-windows-x86_64 | 3.3.3 | 33.00 | 96.00 | 129.00 | OK |
Version: 3.3.3
Check: C++ specification
Result: NOTE
Specified C++14: please drop specification unless essential
Flavors: r-devel-linux-x86_64-debian-clang, r-devel-linux-x86_64-debian-gcc, r-devel-linux-x86_64-fedora-clang, r-devel-linux-x86_64-fedora-gcc, r-devel-windows-x86_64, r-patched-linux-x86_64, r-release-linux-x86_64, r-release-macos-arm64, r-release-macos-x86_64, r-release-windows-x86_64