Last updated on 2023-06-09 10:04:09 CEST.
Flavor | Version | Tinstall | Tcheck | Ttotal | Status | Flags |
---|---|---|---|---|---|---|
r-devel-linux-x86_64-debian-clang | 1.0.2 | 7.28 | 247.94 | 255.22 | OK | |
r-devel-linux-x86_64-debian-gcc | 1.0.2 | 5.06 | 189.31 | 194.37 | OK | |
r-devel-linux-x86_64-fedora-clang | 1.0.2 | 310.20 | NOTE | |||
r-devel-linux-x86_64-fedora-gcc | 1.0.2 | 301.68 | OK | |||
r-devel-windows-x86_64 | 1.0.2 | 10.00 | 187.00 | 197.00 | OK | |
r-patched-linux-x86_64 | 1.0.2 | 10.93 | 241.32 | 252.25 | OK | |
r-release-linux-x86_64 | 1.0.2 | 6.54 | 237.48 | 244.02 | OK | |
r-release-macos-arm64 | 1.0.2 | 94.00 | OK | |||
r-release-macos-x86_64 | 1.0.2 | 160.00 | OK | |||
r-release-windows-x86_64 | 1.0.2 | 13.00 | 249.00 | 262.00 | OK | |
r-oldrel-macos-arm64 | 1.0.2 | 82.00 | OK | |||
r-oldrel-macos-x86_64 | 1.0.2 | 112.00 | OK | |||
r-oldrel-windows-x86_64 | 1.0.2 | 15.00 | 244.00 | 259.00 | OK |
Version: 1.0.2
Check: Rd cross-references
Result: NOTE
Undeclared package ‘future’ in Rd xrefs
Flavor: r-devel-linux-x86_64-fedora-clang