Last updated on 2024-04-23 16:58:12 CEST.
Flavor | Version | Tinstall | Tcheck | Ttotal | Status | Flags |
---|---|---|---|---|---|---|
r-devel-linux-x86_64-debian-clang | 8.4.0 | 5.62 | 40.27 | 45.89 | OK | |
r-devel-linux-x86_64-debian-gcc | 8.4.0 | 3.60 | 29.65 | 33.25 | OK | |
r-devel-linux-x86_64-fedora-clang | 8.4.0 | 64.23 | NOTE | |||
r-devel-linux-x86_64-fedora-gcc | 8.4.0 | 52.25 | OK | |||
r-prerel-macos-arm64 | 8.4.0 | 24.00 | OK | |||
r-prerel-macos-x86_64 | 8.4.0 | 59.00 | OK | |||
r-prerel-windows-x86_64 | 8.4.0 | 7.00 | 63.00 | 70.00 | OK | |
r-patched-linux-x86_64 | 8.4.0 | 4.24 | 37.54 | 41.78 | OK | |
r-release-linux-x86_64 | 8.4.0 | 4.50 | 36.74 | 41.24 | OK | |
r-release-macos-arm64 | 8.4.0 | 33.00 | OK | |||
r-release-macos-x86_64 | 8.4.0 | 60.00 | OK | |||
r-release-windows-x86_64 | 8.4.0 | 7.00 | 67.00 | 74.00 | OK | |
r-oldrel-macos-arm64 | 8.4.0 | 32.00 | OK | |||
r-oldrel-windows-x86_64 | 8.4.0 | 8.00 | 72.00 | 80.00 | OK |
Version: 8.4.0
Check: Rd cross-references
Result: NOTE
Undeclared packages ‘e1071’, ‘nloptr’ in Rd xrefs
Flavor: r-devel-linux-x86_64-fedora-clang