CRAN Package Check Results for Package DemografixeR

Last updated on 2021-10-16 08:50:40 CEST.

Flavor Version Tinstall Tcheck Ttotal Status Flags
r-devel-linux-x86_64-debian-clang 0.1.1 2.33 26.21 28.54 NOTE
r-devel-linux-x86_64-debian-gcc 0.1.1 1.79 21.04 22.83 NOTE
r-devel-linux-x86_64-fedora-clang 0.1.1 44.92 NOTE
r-devel-linux-x86_64-fedora-gcc 0.1.1 34.12 NOTE
r-devel-windows-x86_64 0.1.1 6.00 41.00 47.00 NOTE
r-devel-windows-x86_64-gcc10-UCRT 0.1.1 NOTE
r-patched-linux-x86_64 0.1.1 2.61 25.15 27.76 NOTE
r-patched-solaris-x86 0.1.1 54.50 NOTE
r-release-linux-x86_64 0.1.1 2.28 25.27 27.55 NOTE
r-release-macos-arm64 0.1.1 NOTE
r-release-macos-x86_64 0.1.1 NOTE
r-release-windows-ix86+x86_64 0.1.1 5.00 49.00 54.00 NOTE
r-oldrel-macos-x86_64 0.1.1 OK
r-oldrel-windows-ix86+x86_64 0.1.1 6.00 51.00 57.00 OK

Check Details

Version: 0.1.1
Check: LazyData
Result: NOTE
     'LazyData' is specified without a 'data' directory
Flavors: r-devel-linux-x86_64-debian-clang, r-devel-linux-x86_64-debian-gcc, r-devel-linux-x86_64-fedora-clang, r-devel-linux-x86_64-fedora-gcc, r-devel-windows-x86_64, r-devel-windows-x86_64-gcc10-UCRT, r-patched-linux-x86_64, r-patched-solaris-x86, r-release-linux-x86_64, r-release-macos-arm64, r-release-macos-x86_64, r-release-windows-ix86+x86_64