Last updated on 2023-05-28 16:57:47 CEST.
Flavor | Version | Tinstall | Tcheck | Ttotal | Status | Flags |
---|---|---|---|---|---|---|
r-devel-linux-x86_64-debian-clang | 0.99.49 | 101.11 | 494.79 | 595.90 | NOTE | |
r-devel-linux-x86_64-debian-gcc | 0.99.49 | 88.28 | 366.17 | 454.45 | NOTE | |
r-devel-linux-x86_64-fedora-clang | 0.99.49 | 757.68 | NOTE | |||
r-devel-linux-x86_64-fedora-gcc | 0.99.49 | 735.35 | NOTE | |||
r-devel-windows-x86_64 | 0.99.49 | 90.00 | 434.00 | 524.00 | NOTE | |
r-patched-linux-x86_64 | 0.99.49 | 107.20 | 477.58 | 584.78 | NOTE | |
r-release-linux-x86_64 | 0.99.49 | 89.22 | 473.07 | 562.29 | NOTE | |
r-release-macos-arm64 | 0.99.48 | 164.00 | NOTE | |||
r-release-macos-x86_64 | 0.99.48 | 280.00 | NOTE | |||
r-release-windows-x86_64 | 0.99.49 | 116.00 | 548.00 | 664.00 | NOTE | |
r-oldrel-macos-arm64 | 0.99.48 | 127.00 | NOTE | |||
r-oldrel-macos-x86_64 | 0.99.49 | 183.00 | NOTE | |||
r-oldrel-windows-x86_64 | 0.99.49 | 111.00 | 517.00 | 628.00 | NOTE |
Version: 0.99.49
Check: package dependencies
Result: NOTE
Package suggested but not available for checking: ‘RDCOMClient’
Flavors: r-devel-linux-x86_64-debian-clang, r-devel-linux-x86_64-debian-gcc, r-devel-linux-x86_64-fedora-clang, r-devel-linux-x86_64-fedora-gcc, r-devel-windows-x86_64, r-patched-linux-x86_64, r-release-linux-x86_64, r-release-windows-x86_64, r-oldrel-macos-x86_64, r-oldrel-windows-x86_64
Version: 0.99.49
Check: installed package size
Result: NOTE
installed size is 6.0Mb
sub-directories of 1Mb or more:
R 1.7Mb
doc 1.8Mb
help 1.5Mb
Flavors: r-devel-linux-x86_64-fedora-clang, r-devel-windows-x86_64, r-release-windows-x86_64, r-oldrel-macos-x86_64, r-oldrel-windows-x86_64
Version: 0.99.49
Check: Rd cross-references
Result: NOTE
Undeclared packages ‘ineq’, ‘randtests’, ‘Hmisc’, ‘plotrix’, ‘caret’, ‘pcaPP’, ‘polycor’, ‘lmtest’, ‘car’, ‘gmp’, ‘vcdExtra’, ‘chron’, ‘coin’, ‘caTools’, ‘forecast’, ‘sfsmisc’, ‘vcd’, ‘areaplot’, ‘corrgram’, ‘UsingR’, ‘memisc’, ‘gtools’, ‘BSDA’, ‘prettyR’ in Rd xrefs
Flavor: r-devel-linux-x86_64-fedora-clang
Version: 0.99.48
Check: package dependencies
Result: NOTE
Package suggested but not available for checking: ‘RDCOMClient’
Flavors: r-release-macos-arm64, r-release-macos-x86_64, r-oldrel-macos-arm64
Version: 0.99.48
Check: installed package size
Result: NOTE
installed size is 9.1Mb
sub-directories of 1Mb or more:
R 2.0Mb
doc 1.8Mb
help 1.5Mb
libs 3.2Mb
Flavors: r-release-macos-arm64, r-release-macos-x86_64, r-oldrel-macos-arm64
Version: 0.99.48
Check: Rd cross-references
Result: NOTE
Packages unavailable to check Rd xrefs: ‘caret’, ‘car’, ‘gmp’, ‘vcdExtra’, ‘coin’, ‘forecast’, ‘UsingR’
Flavor: r-release-macos-x86_64