CRAN Package Check Results for Package DescrTab2

Last updated on 2021-09-27 16:50:12 CEST.

Flavor Version Tinstall Tcheck Ttotal Status Flags
r-devel-linux-x86_64-debian-clang 2.0.7 13.83 178.25 192.08 OK
r-devel-linux-x86_64-debian-gcc 2.0.7 10.17 131.33 141.50 OK
r-devel-linux-x86_64-fedora-clang 2.0.7 231.17 NOTE
r-devel-linux-x86_64-fedora-gcc 2.0.7 218.72 NOTE
r-devel-windows-x86_64 2.0.7 15.00 165.00 180.00 OK
r-devel-windows-x86_64-gcc10-UCRT 2.0.7 NOTE
r-patched-linux-x86_64 2.0.7 13.25 174.09 187.34 OK
r-patched-solaris-x86 2.0.7 269.30 NOTE
r-release-linux-x86_64 2.0.7 12.34 174.09 186.43 OK
r-release-macos-arm64 2.0.7 NOTE
r-release-macos-x86_64 2.0.7 NOTE
r-release-windows-ix86+x86_64 2.0.7 31.00 219.00 250.00 OK
r-oldrel-macos-x86_64 2.0.7 NOTE
r-oldrel-windows-ix86+x86_64 2.0.7 24.00 167.00 191.00 OK

Check Details

Version: 2.0.7
Check: dependencies in R code
Result: NOTE
    Namespace in Imports field not imported from: ‘tidyselect’
     All declared Imports should be used.
Flavors: r-devel-linux-x86_64-fedora-clang, r-devel-linux-x86_64-fedora-gcc, r-devel-windows-x86_64-gcc10-UCRT, r-patched-solaris-x86, r-release-macos-arm64, r-release-macos-x86_64, r-oldrel-macos-x86_64