CRAN Package Check Results for Package DetMCD

Last updated on 2022-07-03 00:52:27 CEST.

Flavor Version Tinstall Tcheck Ttotal Status Flags
r-devel-linux-x86_64-debian-clang 0.0.5 31.75 29.49 61.24 OK
r-devel-linux-x86_64-debian-gcc 0.0.5 27.08 23.78 50.86 OK
r-devel-linux-x86_64-fedora-clang 0.0.5 105.56 NOTE
r-devel-linux-x86_64-fedora-gcc 0.0.5 91.17 OK
r-devel-windows-x86_64 0.0.5 30.00 74.00 104.00 OK
r-patched-linux-x86_64 0.0.5 33.25 29.58 62.83 OK
r-release-linux-x86_64 0.0.5 29.56 29.37 58.93 OK
r-release-macos-arm64 0.0.5 33.00 NOTE
r-release-macos-x86_64 0.0.5 37.00 NOTE
r-release-windows-x86_64 0.0.5 38.00 72.00 110.00 OK
r-oldrel-macos-arm64 0.0.5 36.00 NOTE
r-oldrel-macos-x86_64 0.0.5 51.00 NOTE
r-oldrel-windows-ix86+x86_64 0.0.5 74.00 71.00 145.00 OK

Check Details

Version: 0.0.5
Check: installed package size
Result: NOTE
     installed size is 10.0Mb
     sub-directories of 1Mb or more:
     libs 9.9Mb
Flavors: r-devel-linux-x86_64-fedora-clang, r-release-macos-arm64, r-release-macos-x86_64, r-oldrel-macos-arm64, r-oldrel-macos-x86_64