CRAN Package Check Results for Package DetR

Last updated on 2022-07-03 00:52:27 CEST.

Flavor Version Tinstall Tcheck Ttotal Status Flags
r-devel-linux-x86_64-debian-clang 0.0.5 62.40 40.33 102.73 OK
r-devel-linux-x86_64-debian-gcc 0.0.5 46.70 32.65 79.35 OK
r-devel-linux-x86_64-fedora-clang 0.0.5 159.20 NOTE
r-devel-linux-x86_64-fedora-gcc 0.0.5 136.03 OK
r-devel-windows-x86_64 0.0.5 47.00 85.00 132.00 OK
r-patched-linux-x86_64 0.0.5 51.57 40.48 92.05 OK
r-release-linux-x86_64 0.0.5 51.14 40.44 91.58 OK
r-release-macos-arm64 0.0.5 43.00 NOTE
r-release-macos-x86_64 0.0.5 51.00 NOTE
r-release-windows-x86_64 0.0.5 49.00 85.00 134.00 OK
r-oldrel-macos-arm64 0.0.5 48.00 NOTE
r-oldrel-macos-x86_64 0.0.5 71.00 NOTE
r-oldrel-windows-ix86+x86_64 0.0.5 117.00 86.00 203.00 OK

Check Details

Version: 0.0.5
Check: installed package size
Result: NOTE
     installed size is 17.1Mb
     sub-directories of 1Mb or more:
     libs 16.3Mb
Flavors: r-devel-linux-x86_64-fedora-clang, r-release-macos-arm64, r-release-macos-x86_64, r-oldrel-macos-arm64, r-oldrel-macos-x86_64