Last updated on 2023-12-03 00:56:40 CET.
Flavor | Version | Tinstall | Tcheck | Ttotal | Status | Flags |
---|---|---|---|---|---|---|
r-devel-linux-x86_64-debian-clang | 0.0.5 | 57.45 | 38.76 | 96.21 | NOTE | |
r-devel-linux-x86_64-debian-gcc | 0.0.5 | 43.94 | 32.82 | 76.76 | NOTE | |
r-devel-linux-x86_64-fedora-clang | 0.0.5 | 135.50 | NOTE | |||
r-devel-linux-x86_64-fedora-gcc | 0.0.5 | 144.39 | NOTE | |||
r-devel-windows-x86_64 | 0.0.5 | 42.00 | 71.00 | 113.00 | NOTE | |
r-patched-linux-x86_64 | 0.0.5 | 50.61 | 42.02 | 92.63 | NOTE | |
r-release-linux-x86_64 | 0.0.5 | 44.77 | 42.20 | 86.97 | NOTE | |
r-release-macos-arm64 | 0.0.5 | 42.00 | NOTE | |||
r-release-macos-x86_64 | 0.0.5 | 66.00 | NOTE | |||
r-release-windows-x86_64 | 0.0.5 | 54.00 | 82.00 | 136.00 | NOTE | |
r-oldrel-macos-arm64 | 0.0.5 | 42.00 | NOTE | |||
r-oldrel-macos-x86_64 | 0.0.5 | 51.00 | NOTE | |||
r-oldrel-windows-x86_64 | 0.0.5 | 50.00 | 84.00 | 134.00 | OK |
Version: 0.0.5
Check: C++ specification
Result: NOTE
Specified C++11: please drop specification unless essential
Flavors: r-devel-linux-x86_64-debian-clang, r-devel-linux-x86_64-debian-gcc, r-devel-linux-x86_64-fedora-clang, r-devel-linux-x86_64-fedora-gcc, r-devel-windows-x86_64, r-patched-linux-x86_64, r-release-linux-x86_64, r-release-macos-arm64, r-release-macos-x86_64, r-release-windows-x86_64
Version: 0.0.5
Check: installed package size
Result: NOTE
installed size is 19.6Mb
sub-directories of 1Mb or more:
libs 18.8Mb
Flavors: r-release-macos-arm64, r-release-macos-x86_64, r-oldrel-macos-arm64, r-oldrel-macos-x86_64