Last updated on 2023-06-09 10:04:09 CEST.
Flavor | Version | Tinstall | Tcheck | Ttotal | Status | Flags |
---|---|---|---|---|---|---|
r-devel-linux-x86_64-debian-clang | 2.1.1 | 9.81 | 98.82 | 108.63 | OK | |
r-devel-linux-x86_64-debian-gcc | 2.1.1 | 8.47 | 75.18 | 83.65 | OK | |
r-devel-linux-x86_64-fedora-clang | 2.1.1 | 134.20 | OK | |||
r-devel-linux-x86_64-fedora-gcc | 2.1.1 | 126.36 | OK | |||
r-devel-windows-x86_64 | 2.1.1 | 13.00 | 103.00 | 116.00 | OK | |
r-patched-linux-x86_64 | 2.1.1 | 13.45 | 94.25 | 107.70 | OK | |
r-release-linux-x86_64 | 2.1.1 | 10.85 | 94.70 | 105.55 | OK | |
r-release-macos-arm64 | 2.1.1 | 40.00 | OK | |||
r-release-macos-x86_64 | 2.1.1 | 71.00 | NOTE | |||
r-release-windows-x86_64 | 2.1.1 | 14.00 | 123.00 | 137.00 | OK | |
r-oldrel-macos-arm64 | 2.1.1 | 40.00 | OK | |||
r-oldrel-macos-x86_64 | 2.1.1 | 49.00 | OK | |||
r-oldrel-windows-x86_64 | 2.1.1 | 15.00 | 113.00 | 128.00 | OK |
Version: 2.1.1
Check: package dependencies
Result: NOTE
Packages suggested but not available for checking: 'KrigInv', 'GPareto'
Flavor: r-release-macos-x86_64
Version: 2.1.1
Check: Rd cross-references
Result: NOTE
Package unavailable to check Rd xrefs: ‘KrigInv’
Flavor: r-release-macos-x86_64