CRAN Package Check Results for Package DoE.multi.response

Last updated on 2021-12-02 00:49:08 CET.

Flavor Version Tinstall Tcheck Ttotal Status Flags
r-devel-linux-x86_64-debian-clang 0.1.0 3.28 70.54 73.82 NOTE
r-devel-linux-x86_64-debian-gcc 0.1.0 3.11 55.65 58.76 NOTE
r-devel-linux-x86_64-fedora-clang 0.1.0 98.73 NOTE
r-devel-linux-x86_64-fedora-gcc 0.1.0 93.84 NOTE
r-devel-windows-x86_64-new-UL 0.1.0 14.00 108.00 122.00 NOTE
r-devel-windows-x86_64-new-TK 0.1.0 NOTE
r-devel-windows-x86_64-old 0.1.0 11.00 72.00 83.00 NOTE
r-patched-linux-x86_64 0.1.0 3.65 66.24 69.89 NOTE
r-patched-solaris-x86 0.1.0 135.50 NOTE
r-release-linux-x86_64 0.1.0 3.66 66.86 70.52 NOTE
r-release-macos-arm64 0.1.0 NOTE
r-release-macos-x86_64 0.1.0 NOTE
r-release-windows-ix86+x86_64 0.1.0 19.00 89.00 108.00 NOTE
r-oldrel-macos-x86_64 0.1.0 OK
r-oldrel-windows-ix86+x86_64 0.1.0 19.00 94.00 113.00 OK

Check Details

Version: 0.1.0
Check: LazyData
Result: NOTE
     'LazyData' is specified without a 'data' directory
Flavors: r-devel-linux-x86_64-debian-clang, r-devel-linux-x86_64-debian-gcc, r-devel-linux-x86_64-fedora-clang, r-devel-linux-x86_64-fedora-gcc, r-devel-windows-x86_64-new-UL, r-devel-windows-x86_64-new-TK, r-devel-windows-x86_64-old, r-patched-linux-x86_64, r-patched-solaris-x86, r-release-linux-x86_64, r-release-macos-arm64, r-release-macos-x86_64, r-release-windows-ix86+x86_64