CRAN Package Check Results for Package DoE.wrapper

Last updated on 2021-10-24 20:51:00 CEST.

Flavor Version Tinstall Tcheck Ttotal Status Flags
r-devel-linux-x86_64-debian-clang 0.11 7.17 92.80 99.97 NOTE
r-devel-linux-x86_64-debian-gcc 0.11 4.95 70.94 75.89 NOTE
r-devel-linux-x86_64-fedora-clang 0.11 134.91 NOTE
r-devel-linux-x86_64-fedora-gcc 0.11 125.43 NOTE
r-devel-windows-x86_64 0.11 15.00 134.00 149.00 NOTE
r-devel-windows-x86_64-gcc10-UCRT 0.11 NOTE
r-patched-linux-x86_64 0.11 10.32 88.15 98.47 NOTE
r-patched-solaris-x86 0.11 168.00 NOTE
r-release-linux-x86_64 0.11 6.96 88.39 95.35 NOTE
r-release-macos-arm64 0.11 NOTE
r-release-macos-x86_64 0.11 NOTE
r-release-windows-ix86+x86_64 0.11 15.00 113.00 128.00 NOTE
r-oldrel-macos-x86_64 0.11 OK
r-oldrel-windows-ix86+x86_64 0.11 22.00 117.00 139.00 OK

Check Details

Version: 0.11
Check: LazyData
Result: NOTE
     'LazyData' is specified without a 'data' directory
Flavors: r-devel-linux-x86_64-debian-clang, r-devel-linux-x86_64-debian-gcc, r-devel-linux-x86_64-fedora-clang, r-devel-linux-x86_64-fedora-gcc, r-devel-windows-x86_64, r-devel-windows-x86_64-gcc10-UCRT, r-patched-linux-x86_64, r-patched-solaris-x86, r-release-linux-x86_64, r-release-macos-arm64, r-release-macos-x86_64, r-release-windows-ix86+x86_64