Last updated on 2024-04-25 16:49:19 CEST.
Flavor | Version | Tinstall | Tcheck | Ttotal | Status | Flags |
---|---|---|---|---|---|---|
r-devel-linux-x86_64-debian-clang | 1.0 | 343.50 | 136.73 | 480.23 | NOTE | |
r-devel-linux-x86_64-debian-gcc | 1.0 | 259.11 | 110.09 | 369.20 | NOTE | |
r-devel-linux-x86_64-fedora-clang | 1.0 | 732.29 | NOTE | |||
r-devel-linux-x86_64-fedora-gcc | 1.0 | 718.02 | NOTE | |||
r-devel-windows-x86_64 | 1.0 | 261.00 | 152.00 | 413.00 | NOTE | |
r-patched-linux-x86_64 | 1.0 | 338.35 | 137.21 | 475.56 | NOTE | |
r-release-linux-x86_64 | 1.0 | 335.71 | 136.02 | 471.73 | NOTE | |
r-release-macos-arm64 | 1.0 | 135.00 | NOTE | |||
r-release-windows-x86_64 | 1.0 | 265.00 | 146.00 | 411.00 | NOTE | |
r-oldrel-macos-arm64 | 1.0 | 178.00 | NOTE | |||
r-oldrel-macos-x86_64 | 1.0 | 279.00 | NOTE | |||
r-oldrel-windows-x86_64 | 1.0 | 324.00 | 183.00 | 507.00 | NOTE |
Version: 1.0
Check: C++ specification
Result: NOTE
Specified C++11: please drop specification unless essential
Flavors: r-devel-linux-x86_64-debian-clang, r-devel-linux-x86_64-debian-gcc, r-devel-linux-x86_64-fedora-clang, r-devel-linux-x86_64-fedora-gcc, r-devel-windows-x86_64, r-patched-linux-x86_64, r-release-linux-x86_64, r-release-macos-arm64, r-release-windows-x86_64, r-oldrel-macos-arm64, r-oldrel-macos-x86_64, r-oldrel-windows-x86_64
Version: 1.0
Check: Rd files
Result: NOTE
checkRd: (-1) monitor_long_1d.Rd:33: Lost braces
33 | If \code{side="upward"}{apply control charts that aim to detect upward shifts.} \cr
| ^
checkRd: (-1) monitor_long_1d.Rd:34: Lost braces
34 | If \code{side="downward"}{apply control charts that aim to detect downward shifts.} \cr
| ^
checkRd: (-1) monitor_long_1d.Rd:35: Lost braces
35 | If \code{side="both"}{apply control charts that aim to detect shifts in both sides}}
| ^
checkRd: (-1) monitor_long_1d.Rd:38: Lost braces
38 | If \code{chart="CUSUM"}{apply CUSUM charts.} \cr
| ^
checkRd: (-1) monitor_long_1d.Rd:39: Lost braces
39 | If \code{chart="EWMA"}{apply EWMA charts.}}
| ^
Flavors: r-devel-linux-x86_64-debian-clang, r-devel-linux-x86_64-debian-gcc, r-devel-linux-x86_64-fedora-clang, r-devel-linux-x86_64-fedora-gcc, r-devel-windows-x86_64, r-patched-linux-x86_64, r-release-macos-arm64, r-release-windows-x86_64
Version: 1.0
Check: installed package size
Result: NOTE
installed size is 5.3Mb
sub-directories of 1Mb or more:
data 3.0Mb
libs 1.7Mb
Flavors: r-devel-windows-x86_64, r-release-macos-arm64, r-release-windows-x86_64, r-oldrel-macos-arm64, r-oldrel-macos-x86_64, r-oldrel-windows-x86_64